Last updated on 2025-04-29 13:51:33 CEST.
Flavor | Version | Tinstall | Tcheck | Ttotal | Status | Flags |
---|---|---|---|---|---|---|
r-devel-linux-x86_64-debian-clang | 0.1 | 1.65 | 18.72 | 20.37 | NOTE | |
r-devel-linux-x86_64-debian-gcc | 0.1 | 1.30 | 15.37 | 16.67 | NOTE | |
r-devel-linux-x86_64-fedora-clang | 0.1 | 32.03 | OK | |||
r-devel-linux-x86_64-fedora-gcc | 0.1 | 31.08 | OK | |||
r-devel-windows-x86_64 | 0.1 | 3.00 | 41.00 | 44.00 | OK | |
r-patched-linux-x86_64 | 0.1 | 1.69 | 18.34 | 20.03 | OK | |
r-release-linux-x86_64 | 0.1 | 1.42 | 18.27 | 19.69 | OK | |
r-release-macos-arm64 | 0.1 | 16.00 | OK | |||
r-release-macos-x86_64 | 0.1 | 24.00 | OK | |||
r-release-windows-x86_64 | 0.1 | 2.00 | 44.00 | 46.00 | OK | |
r-oldrel-macos-arm64 | 0.1 | 14.00 | OK | |||
r-oldrel-macos-x86_64 | 0.1 | 19.00 | OK | |||
r-oldrel-windows-x86_64 | 0.1 | 3.00 | 39.00 | 42.00 | OK |
Version: 0.1
Check: CRAN incoming feasibility
Result: NOTE
Maintainer: ‘Marek Hlavac <mhlavac@alumni.princeton.edu>’
No Authors@R field in DESCRIPTION.
Please add one, modifying
Authors@R: person(given = "Marek",
family = "Hlavac",
role = c("aut", "cre"),
email = "mhlavac@alumni.princeton.edu")
as necessary.
Package CITATION file contains call(s) to old-style citEntry(). Please
use bibentry() instead.
Flavors: r-devel-linux-x86_64-debian-clang, r-devel-linux-x86_64-debian-gcc