CRAN Package Check Results for Package parsec

Last updated on 2025-04-30 01:50:30 CEST.

Flavor Version Tinstall Tcheck Ttotal Status Flags
r-devel-linux-x86_64-debian-clang 1.2.7 10.84 91.57 102.41 NOTE
r-devel-linux-x86_64-debian-gcc 1.2.7 8.85 63.81 72.66 NOTE
r-devel-linux-x86_64-fedora-clang 1.2.7 159.72 NOTE
r-devel-linux-x86_64-fedora-gcc 1.2.7 154.60 NOTE
r-devel-windows-x86_64 1.2.7 14.00 120.00 134.00 NOTE
r-patched-linux-x86_64 1.2.7 10.92 86.30 97.22 NOTE
r-release-linux-x86_64 1.2.7 9.29 86.38 95.67 NOTE
r-release-macos-arm64 1.2.7 55.00 NOTE
r-release-macos-x86_64 1.2.7 98.00 NOTE
r-release-windows-x86_64 1.2.7 15.00 118.00 133.00 NOTE
r-oldrel-macos-arm64 1.2.7 45.00 NOTE
r-oldrel-macos-x86_64 1.2.7 73.00 NOTE
r-oldrel-windows-x86_64 1.2.7 16.00 132.00 148.00 NOTE

Check Details

Version: 1.2.7
Check: CRAN incoming feasibility
Result: NOTE Maintainer: ‘Alberto Arcagni <alberto.arcagni@uniroma1.it>’ No Authors@R field in DESCRIPTION. Please add one, modifying Authors@R: c(person(given = "Alberto", family = "Arcagni", role = c("aut", "cre"), email = "alberto.arcagni@uniroma1.it"), person(given = "Marco", family = "Fattore", role = "aut")) as necessary. Flavors: r-devel-linux-x86_64-debian-clang, r-devel-linux-x86_64-debian-gcc

Version: 1.2.7
Check: Rd files
Result: NOTE checkRd: (-1) summary.parsec.Rd:13-14: Lost braces in \itemize; meant \describe ? Flavors: r-devel-linux-x86_64-debian-clang, r-devel-linux-x86_64-debian-gcc, r-devel-linux-x86_64-fedora-clang, r-devel-linux-x86_64-fedora-gcc, r-devel-windows-x86_64, r-patched-linux-x86_64, r-release-linux-x86_64, r-release-macos-arm64, r-release-macos-x86_64, r-release-windows-x86_64, r-oldrel-macos-arm64, r-oldrel-macos-x86_64, r-oldrel-windows-x86_64

Version: 1.2.7
Check: Rd cross-references
Result: NOTE Found the following Rd file(s) with Rd \link{} targets missing package anchors: parsec2igraph.Rd: igraph Please provide package anchors for all Rd \link{} targets not in the package itself and the base packages. Flavors: r-devel-linux-x86_64-debian-clang, r-devel-linux-x86_64-debian-gcc, r-devel-windows-x86_64, r-patched-linux-x86_64, r-release-linux-x86_64, r-release-windows-x86_64