Last updated on 2024-06-27 16:49:11 CEST.
Flavor | Version | Tinstall | Tcheck | Ttotal | Status | Flags |
---|---|---|---|---|---|---|
r-devel-linux-x86_64-debian-clang | 0.1.3 | OK | ||||
r-devel-linux-x86_64-debian-gcc | 0.1.3 | 33.87 | 52.92 | 86.79 | OK | |
r-devel-linux-x86_64-fedora-clang | 0.1.3 | 165.90 | OK | |||
r-devel-linux-x86_64-fedora-gcc | 0.1.3 | 178.06 | OK | |||
r-devel-windows-x86_64 | 0.1.3 | 39.00 | 96.00 | 135.00 | OK | |
r-patched-linux-x86_64 | 0.1.3 | 41.74 | 68.71 | 110.45 | OK | |
r-release-linux-x86_64 | 0.1.3 | 31.88 | 67.36 | 99.24 | OK | |
r-release-macos-arm64 | 0.1.3 | 53.00 | NOTE | |||
r-release-macos-x86_64 | 0.1.3 | 69.00 | NOTE | |||
r-release-windows-x86_64 | 0.1.3 | 45.00 | 98.00 | 143.00 | OK | |
r-oldrel-macos-arm64 | 0.1.3 | 54.00 | NOTE | |||
r-oldrel-macos-x86_64 | 0.1.3 | 99.00 | NOTE | |||
r-oldrel-windows-x86_64 | 0.1.3 | 51.00 | 111.00 | 162.00 | OK |
Version: 0.1.3
Check: installed package size
Result: NOTE
installed size is 7.2Mb
sub-directories of 1Mb or more:
libs 6.8Mb
Flavors: r-release-macos-arm64, r-release-macos-x86_64, r-oldrel-macos-arm64, r-oldrel-macos-x86_64