Last updated on 2025-11-16 06:49:47 CET.
| Flavor | Version | Tinstall | Tcheck | Ttotal | Status | Flags |
|---|---|---|---|---|---|---|
| r-devel-linux-x86_64-debian-clang | 0.2.2 | 69.24 | 251.15 | 320.39 | OK | |
| r-devel-linux-x86_64-debian-gcc | 0.2.2 | 47.12 | 186.37 | 233.49 | OK | |
| r-devel-linux-x86_64-fedora-clang | 0.2.2 | 124.00 | 425.06 | 549.06 | OK | |
| r-devel-linux-x86_64-fedora-gcc | 0.2.2 | 104.00 | 420.59 | 524.59 | OK | |
| r-devel-windows-x86_64 | 0.2.2 | 98.00 | 311.00 | 409.00 | OK | |
| r-patched-linux-x86_64 | 0.2.2 | 73.75 | 246.76 | 320.51 | OK | |
| r-release-linux-x86_64 | 0.2.2 | 75.30 | 243.89 | 319.19 | OK | |
| r-release-macos-arm64 | 0.2.2 | 25.00 | 127.00 | 152.00 | OK | |
| r-release-macos-x86_64 | 0.2.2 | 25.00 | 250.00 | 275.00 | OK | |
| r-release-windows-x86_64 | 0.2.2 | 86.00 | 302.00 | 388.00 | OK | |
| r-oldrel-macos-arm64 | 0.2.2 | 26.00 | 120.00 | 146.00 | NOTE | |
| r-oldrel-macos-x86_64 | 0.2.2 | 23.00 | 215.00 | 238.00 | NOTE | |
| r-oldrel-windows-x86_64 | 0.2.2 | 101.00 | 394.00 | 495.00 | OK |
Version: 0.2.2
Check: installed package size
Result: NOTE
installed size is 6.0Mb
sub-directories of 1Mb or more:
libs 4.0Mb
Flavors: r-oldrel-macos-arm64, r-oldrel-macos-x86_64