Last updated on 2025-04-29 13:51:33 CEST.
Flavor | Version | Tinstall | Tcheck | Ttotal | Status | Flags |
---|---|---|---|---|---|---|
r-devel-linux-x86_64-debian-clang | 1.0 | 1.70 | 19.19 | 20.89 | NOTE | |
r-devel-linux-x86_64-debian-gcc | 1.0 | 1.46 | 15.55 | 17.01 | NOTE | |
r-devel-linux-x86_64-fedora-clang | 1.0 | 32.87 | OK | |||
r-devel-linux-x86_64-fedora-gcc | 1.0 | 31.98 | OK | |||
r-devel-windows-x86_64 | 1.0 | 3.00 | 47.00 | 50.00 | OK | |
r-patched-linux-x86_64 | 1.0 | 1.81 | 18.53 | 20.34 | OK | |
r-release-linux-x86_64 | 1.0 | 1.60 | 18.40 | 20.00 | OK | |
r-release-macos-arm64 | 1.0 | 19.00 | OK | |||
r-release-macos-x86_64 | 1.0 | 24.00 | OK | |||
r-release-windows-x86_64 | 1.0 | 3.00 | 52.00 | 55.00 | OK | |
r-oldrel-macos-arm64 | 1.0 | 15.00 | NOTE | |||
r-oldrel-macos-x86_64 | 1.0 | 23.00 | NOTE | |||
r-oldrel-windows-x86_64 | 1.0 | 3.00 | 44.00 | 47.00 | NOTE |
Version: 1.0
Check: CRAN incoming feasibility
Result: NOTE
Maintainer: ‘Adam Clark <adam.tclark@gmail.com>’
No Authors@R field in DESCRIPTION.
Please add one, modifying
Authors@R: person(given = "Adam",
family = "Clark",
role = c("aut", "cre"),
email = "adam.tclark@gmail.com")
as necessary.
Flavors: r-devel-linux-x86_64-debian-clang, r-devel-linux-x86_64-debian-gcc
Version: 1.0
Check: LazyData
Result: NOTE
'LazyData' is specified without a 'data' directory
Flavors: r-oldrel-macos-arm64, r-oldrel-macos-x86_64, r-oldrel-windows-x86_64