CRAN Package Check Results for Package pathlit

Last updated on 2025-07-18 13:49:39 CEST.

Flavor Version Tinstall Tcheck Ttotal Status Flags
r-devel-linux-x86_64-debian-clang 0.1.0 4.36 38.08 42.44 OK
r-devel-linux-x86_64-debian-gcc 0.1.0 3.39 28.43 31.82 OK
r-devel-linux-x86_64-fedora-clang 0.1.0 65.57 NOTE
r-devel-linux-x86_64-fedora-gcc 0.1.0 60.20 NOTE
r-devel-windows-x86_64 0.1.0 5.00 53.00 58.00 OK
r-patched-linux-x86_64 0.1.0 3.87 36.06 39.93 OK
r-release-linux-x86_64 0.1.0 4.34 36.29 40.63 OK
r-release-macos-arm64 0.1.0 24.00 OK
r-release-macos-x86_64 0.1.0 41.00 OK
r-release-windows-x86_64 0.1.0 6.00 52.00 58.00 OK
r-oldrel-macos-arm64 0.1.0 21.00 OK
r-oldrel-macos-x86_64 0.1.0 32.00 OK
r-oldrel-windows-x86_64 0.1.0 7.00 62.00 69.00 OK

Check Details

Version: 0.1.0
Check: dependencies in R code
Result: NOTE Namespaces in Imports field not imported from: ‘testthat’ ‘usethis’ ‘utils’ All declared Imports should be used. Flavors: r-devel-linux-x86_64-fedora-clang, r-devel-linux-x86_64-fedora-gcc