Last updated on 2025-11-16 06:49:47 CET.
| Flavor | Version | Tinstall | Tcheck | Ttotal | Status | Flags |
|---|---|---|---|---|---|---|
| r-devel-linux-x86_64-debian-clang | 1.1.8 | 4.77 | 135.90 | 140.67 | OK | |
| r-devel-linux-x86_64-debian-gcc | 1.1.8 | 3.57 | 99.95 | 103.52 | NOTE | |
| r-devel-linux-x86_64-fedora-clang | 1.1.8 | 15.00 | 185.21 | 200.21 | OK | |
| r-devel-linux-x86_64-fedora-gcc | 1.1.8 | 19.00 | 221.06 | 240.06 | OK | |
| r-devel-windows-x86_64 | 1.1.8 | 13.00 | 139.00 | 152.00 | OK | |
| r-patched-linux-x86_64 | 1.1.8 | 5.75 | 128.80 | 134.55 | OK | |
| r-release-linux-x86_64 | 1.1.8 | 4.44 | 128.07 | 132.51 | OK | |
| r-release-macos-arm64 | 1.1.8 | 2.00 | 65.00 | 67.00 | OK | |
| r-release-macos-x86_64 | 1.1.8 | 4.00 | 131.00 | 135.00 | OK | |
| r-release-windows-x86_64 | 1.1.8 | 8.00 | 144.00 | 152.00 | OK | |
| r-oldrel-macos-arm64 | 1.1.8 | 2.00 | 67.00 | 69.00 | OK | |
| r-oldrel-macos-x86_64 | 1.1.8 | 4.00 | 137.00 | 141.00 | OK | |
| r-oldrel-windows-x86_64 | 1.1.8 | 9.00 | 179.00 | 188.00 | OK |
Version: 1.1.8
Check: CRAN incoming feasibility
Result: NOTE
Maintainer: ‘Vikram B. Baliga <vbaliga87@gmail.com>’
The BugReports field in DESCRIPTION has
https://github.com/ropensci/pathviewr/issues/
which should likely be
https://github.com/ropensci/pathviewr/issues/issues
instead.
Flavor: r-devel-linux-x86_64-debian-gcc