Last updated on 2025-05-17 07:50:27 CEST.
Flavor | Version | Tinstall | Tcheck | Ttotal | Status | Flags |
---|---|---|---|---|---|---|
r-devel-linux-x86_64-debian-clang | 0.9.0 | 100.58 | 234.31 | 334.89 | OK | |
r-devel-linux-x86_64-debian-gcc | 0.9.0 | 55.93 | 159.83 | 215.76 | OK | |
r-devel-linux-x86_64-fedora-clang | 0.9.0 | 513.49 | OK | |||
r-devel-linux-x86_64-fedora-gcc | 0.9.0 | 477.72 | OK | |||
r-devel-windows-x86_64 | 0.9.0 | 95.00 | 382.00 | 477.00 | OK | |
r-patched-linux-x86_64 | 0.9.0 | 111.21 | 210.99 | 322.20 | OK | |
r-release-linux-x86_64 | 0.9.0 | 93.81 | 212.57 | 306.38 | OK | |
r-release-macos-arm64 | 0.9.0 | 158.00 | OK | |||
r-release-macos-x86_64 | 0.9.0 | 274.00 | OK | |||
r-release-windows-x86_64 | 0.9.0 | 99.00 | 394.00 | 493.00 | OK | |
r-oldrel-macos-arm64 | 0.9.0 | 116.00 | NOTE | |||
r-oldrel-macos-x86_64 | 0.9.0 | 248.00 | NOTE | |||
r-oldrel-windows-x86_64 | 0.9.0 | 132.00 | 422.00 | 554.00 | OK |
Version: 0.9.0
Check: installed package size
Result: NOTE
installed size is 5.7Mb
sub-directories of 1Mb or more:
R 3.1Mb
help 2.5Mb
Flavors: r-oldrel-macos-arm64, r-oldrel-macos-x86_64