Last updated on 2025-11-16 12:49:39 CET.
| Flavor | Version | Tinstall | Tcheck | Ttotal | Status | Flags |
|---|---|---|---|---|---|---|
| r-devel-linux-x86_64-debian-clang | 0.9.0 | 106.86 | 344.37 | 451.23 | OK | |
| r-devel-linux-x86_64-debian-gcc | 0.9.0 | 68.70 | 269.46 | 338.16 | OK | |
| r-devel-linux-x86_64-fedora-clang | 0.9.0 | 279.00 | 406.20 | 685.20 | OK | |
| r-devel-linux-x86_64-fedora-gcc | 0.9.0 | 226.00 | 376.89 | 602.89 | OK | |
| r-devel-windows-x86_64 | 0.9.0 | 121.00 | 610.00 | 731.00 | OK | |
| r-patched-linux-x86_64 | 0.9.0 | 140.28 | 327.01 | 467.29 | OK | |
| r-release-linux-x86_64 | 0.9.0 | 111.01 | 327.33 | 438.34 | OK | |
| r-release-macos-arm64 | 0.9.0 | 49.00 | 128.00 | 177.00 | OK | |
| r-release-macos-x86_64 | 0.9.0 | 108.00 | 242.00 | 350.00 | OK | |
| r-release-windows-x86_64 | 0.9.0 | 119.00 | 655.00 | 774.00 | OK | |
| r-oldrel-macos-arm64 | 0.9.0 | 43.00 | 110.00 | 153.00 | NOTE | |
| r-oldrel-macos-x86_64 | 0.9.0 | 96.00 | 203.00 | 299.00 | NOTE | |
| r-oldrel-windows-x86_64 | 0.9.0 | 170.00 | 627.00 | 797.00 | NOTE |
Version: 0.9.0
Check: installed package size
Result: NOTE
installed size is 7.5Mb
sub-directories of 1Mb or more:
R 3.1Mb
help 4.2Mb
Flavors: r-oldrel-macos-arm64, r-oldrel-macos-x86_64, r-oldrel-windows-x86_64