Last updated on 2024-06-27 16:49:11 CEST.
Flavor | Version | Tinstall | Tcheck | Ttotal | Status | Flags |
---|---|---|---|---|---|---|
r-devel-linux-x86_64-debian-clang | 4.3.5 | OK | ||||
r-devel-linux-x86_64-debian-gcc | 4.3.5 | 70.60 | 42.99 | 113.59 | OK | |
r-devel-linux-x86_64-fedora-clang | 4.3.5 | 242.63 | OK | |||
r-devel-linux-x86_64-fedora-gcc | 4.3.5 | 239.78 | OK | |||
r-devel-windows-x86_64 | 4.3.5 | 108.00 | 79.00 | 187.00 | OK | |
r-patched-linux-x86_64 | 4.3.5 | 84.86 | 54.35 | 139.21 | OK | |
r-release-linux-x86_64 | 4.3.5 | 85.25 | 53.94 | 139.19 | OK | |
r-release-macos-arm64 | 4.3.5 | 46.00 | NOTE | |||
r-release-macos-x86_64 | 4.3.5 | 56.00 | NOTE | |||
r-release-windows-x86_64 | 4.3.5 | 116.00 | 81.00 | 197.00 | OK | |
r-oldrel-macos-arm64 | 4.3.5 | 51.00 | NOTE | |||
r-oldrel-macos-x86_64 | 4.3.5 | 70.00 | NOTE | |||
r-oldrel-windows-x86_64 | 4.3.5 | 135.00 | 96.00 | 231.00 | OK |
Version: 4.3.5
Check: installed package size
Result: NOTE
installed size is 5.9Mb
sub-directories of 1Mb or more:
extdata 2.7Mb
libs 2.5Mb
Flavors: r-release-macos-arm64, r-release-macos-x86_64, r-oldrel-macos-arm64, r-oldrel-macos-x86_64