Last updated on 2024-07-13 05:49:21 CEST.
Flavor | Version | Tinstall | Tcheck | Ttotal | Status | Flags |
---|---|---|---|---|---|---|
r-devel-linux-x86_64-debian-clang | 1.0.0 | 73.35 | 31.98 | 105.33 | OK | |
r-devel-linux-x86_64-debian-gcc | 1.0.0 | 58.10 | 29.17 | 87.27 | OK | |
r-devel-linux-x86_64-fedora-clang | 1.0.0 | 127.95 | OK | |||
r-devel-linux-x86_64-fedora-gcc | 1.0.0 | 162.74 | OK | |||
r-devel-windows-x86_64 | 1.0.0 | 52.00 | 70.00 | 122.00 | OK | |
r-patched-linux-x86_64 | 1.0.0 | 65.25 | 35.57 | 100.82 | OK | |
r-release-linux-x86_64 | 1.0.0 | 72.27 | 36.45 | 108.72 | OK | |
r-release-macos-arm64 | 1.0.0 | 33.00 | NOTE | |||
r-release-macos-x86_64 | 1.0.0 | 49.00 | NOTE | |||
r-release-windows-x86_64 | 1.0.0 | 53.00 | 69.00 | 122.00 | OK | |
r-oldrel-macos-arm64 | 1.0.0 | 42.00 | NOTE | |||
r-oldrel-macos-x86_64 | 1.0.0 | 59.00 | NOTE | |||
r-oldrel-windows-x86_64 | 1.0.0 | 67.00 | 77.00 | 144.00 | OK |
Version: 1.0.0
Check: installed package size
Result: NOTE
installed size is 27.6Mb
sub-directories of 1Mb or more:
libs 27.5Mb
Flavors: r-release-macos-arm64, r-release-macos-x86_64, r-oldrel-macos-arm64, r-oldrel-macos-x86_64