Last updated on 2025-04-29 13:51:33 CEST.
Flavor | Version | Tinstall | Tcheck | Ttotal | Status | Flags |
---|---|---|---|---|---|---|
r-devel-linux-x86_64-debian-clang | 1.1 | 1.48 | 15.66 | 17.14 | NOTE | |
r-devel-linux-x86_64-debian-gcc | 1.1 | 1.30 | 13.05 | 14.35 | NOTE | |
r-devel-linux-x86_64-fedora-clang | 1.1 | 27.54 | OK | |||
r-devel-linux-x86_64-fedora-gcc | 1.1 | 25.54 | OK | |||
r-devel-windows-x86_64 | 1.1 | 2.00 | 34.00 | 36.00 | OK | |
r-patched-linux-x86_64 | 1.1 | 1.49 | 15.15 | 16.64 | OK | |
r-release-linux-x86_64 | 1.1 | 1.42 | 14.94 | 16.36 | OK | |
r-release-macos-arm64 | 1.1 | 14.00 | OK | |||
r-release-macos-x86_64 | 1.1 | 21.00 | OK | |||
r-release-windows-x86_64 | 1.1 | 3.00 | 36.00 | 39.00 | OK | |
r-oldrel-macos-arm64 | 1.1 | 13.00 | OK | |||
r-oldrel-macos-x86_64 | 1.1 | 17.00 | OK | |||
r-oldrel-windows-x86_64 | 1.1 | 2.00 | 32.00 | 34.00 | OK |
Version: 1.1
Check: CRAN incoming feasibility
Result: NOTE
Maintainer: ‘B N Mandal <mandal.stat@gmail.com>’
No Authors@R field in DESCRIPTION.
Please add one, modifying
Authors@R: c(person(given = c("B", "N"),
family = "Mandal",
role = c("aut", "cre"),
email = "mandal.stat@gmail.com"),
person(given = "Jun",
family = "Ma",
role = "aut",
email = "jun.ma@mq.edu.au"))
as necessary.
Flavors: r-devel-linux-x86_64-debian-clang, r-devel-linux-x86_64-debian-gcc