Last updated on 2024-06-27 16:49:11 CEST.
Flavor | Version | Tinstall | Tcheck | Ttotal | Status | Flags |
---|---|---|---|---|---|---|
r-devel-linux-x86_64-debian-clang | 1.0.3 | OK | ||||
r-devel-linux-x86_64-debian-gcc | 1.0.3 | 13.54 | 23.48 | 37.02 | OK | |
r-devel-linux-x86_64-fedora-clang | 1.0.3 | 51.26 | NOTE | |||
r-devel-linux-x86_64-fedora-gcc | 1.0.3 | 63.05 | NOTE | |||
r-devel-windows-x86_64 | 1.0.3 | 18.00 | 48.00 | 66.00 | OK | |
r-patched-linux-x86_64 | 1.0.3 | 15.73 | 28.93 | 44.66 | OK | |
r-release-linux-x86_64 | 1.0.3 | 14.15 | 29.11 | 43.26 | OK | |
r-release-macos-arm64 | 1.0.3 | 50.00 | OK | |||
r-release-macos-x86_64 | 1.0.3 | 34.00 | OK | |||
r-release-windows-x86_64 | 1.0.3 | 17.00 | 49.00 | 66.00 | OK | |
r-oldrel-macos-arm64 | 1.0.3 | 62.00 | OK | |||
r-oldrel-macos-x86_64 | 1.0.3 | 33.00 | OK | |||
r-oldrel-windows-x86_64 | 1.0.3 | 19.00 | 52.00 | 71.00 | OK |
Version: 1.0.3
Check: compiled code
Result: NOTE
File ‘pdc/libs/pdc.so’:
Found no calls to: ‘R_registerRoutines’, ‘R_useDynamicSymbols’
It is good practice to register native routines and to disable symbol
search.
See ‘Writing portable packages’ in the ‘Writing R Extensions’ manual.
Flavors: r-devel-linux-x86_64-fedora-clang, r-devel-linux-x86_64-fedora-gcc