CRAN Package Check Results for Package pdxTrees

Last updated on 2025-11-16 00:48:40 CET.

Flavor Version Tinstall Tcheck Ttotal Status Flags
r-devel-linux-x86_64-debian-clang 0.4.0 2.26 72.91 75.17 OK
r-devel-linux-x86_64-debian-gcc 0.4.0 1.88 57.65 59.53 OK
r-devel-linux-x86_64-fedora-clang 0.4.0 113.94 OK
r-devel-linux-x86_64-fedora-gcc 0.4.0 122.18 OK
r-devel-windows-x86_64 0.4.0 6.00 80.00 86.00 OK
r-patched-linux-x86_64 0.4.0 2.46 70.35 72.81 OK
r-release-linux-x86_64 0.4.0 1.98 70.62 72.60 OK
r-release-macos-arm64 0.4.0 1.00 40.00 41.00 OK
r-release-macos-x86_64 0.4.0 2.00 68.00 70.00 OK
r-release-windows-x86_64 0.4.0 4.00 78.00 82.00 OK
r-oldrel-macos-arm64 0.4.0 1.00 36.00 37.00 NOTE
r-oldrel-macos-x86_64 0.4.0 2.00 59.00 61.00 NOTE
r-oldrel-windows-x86_64 0.4.0 5.00 99.00 104.00 NOTE

Check Details

Version: 0.4.0
Check: LazyData
Result: NOTE 'LazyData' is specified without a 'data' directory Flavors: r-oldrel-macos-arm64, r-oldrel-macos-x86_64, r-oldrel-windows-x86_64