Last updated on 2025-04-29 13:51:33 CEST.
Flavor | Version | Tinstall | Tcheck | Ttotal | Status | Flags |
---|---|---|---|---|---|---|
r-devel-linux-x86_64-debian-clang | 1.0-3 | 1.57 | 19.44 | 21.01 | NOTE | |
r-devel-linux-x86_64-debian-gcc | 1.0-3 | 1.32 | 16.07 | 17.39 | NOTE | |
r-devel-linux-x86_64-fedora-clang | 1.0-3 | 33.89 | OK | |||
r-devel-linux-x86_64-fedora-gcc | 1.0-3 | 31.74 | OK | |||
r-devel-windows-x86_64 | 1.0-3 | 3.00 | 46.00 | 49.00 | OK | |
r-patched-linux-x86_64 | 1.0-3 | 1.61 | 18.90 | 20.51 | OK | |
r-release-linux-x86_64 | 1.0-3 | 1.65 | 18.91 | 20.56 | OK | |
r-release-macos-arm64 | 1.0-3 | 15.00 | OK | |||
r-release-macos-x86_64 | 1.0-3 | 24.00 | OK | |||
r-release-windows-x86_64 | 1.0-3 | 2.00 | 49.00 | 51.00 | OK | |
r-oldrel-macos-arm64 | 1.0-3 | 15.00 | OK | |||
r-oldrel-macos-x86_64 | 1.0-3 | 24.00 | OK | |||
r-oldrel-windows-x86_64 | 1.0-3 | 3.00 | 44.00 | 47.00 | OK |
Version: 1.0-3
Check: CRAN incoming feasibility
Result: NOTE
Maintainer: ‘John Hughes <drjphughesjr@gmail.com>’
No Authors@R field in DESCRIPTION.
Please add one, modifying
Authors@R: person(given = "John",
family = "Hughes",
role = c("aut", "cre"),
email = "drjphughesjr@gmail.com")
as necessary.
Package CITATION file contains call(s) to old-style personList() or
as.personList(). Please use c() on person objects instead.
Package CITATION file contains call(s) to old-style citEntry(). Please
use bibentry() instead.
Flavors: r-devel-linux-x86_64-debian-clang, r-devel-linux-x86_64-debian-gcc