CRAN Package Check Results for Package pedbp

Last updated on 2025-11-16 18:49:39 CET.

Flavor Version Tinstall Tcheck Ttotal Status Flags
r-devel-linux-x86_64-debian-clang 2.0.3 86.20 220.12 306.32 OK
r-devel-linux-x86_64-debian-gcc 2.0.3 82.23 128.44 210.67 NOTE
r-devel-linux-x86_64-fedora-clang 2.0.3 163.00 337.47 500.47 OK
r-devel-linux-x86_64-fedora-gcc 2.0.3 277.00 265.19 542.19 OK
r-devel-windows-x86_64 2.0.3 129.00 203.00 332.00 OK
r-patched-linux-x86_64 2.0.3 140.93 189.87 330.80 OK
r-release-linux-x86_64 2.0.3 125.30 190.64 315.94 OK
r-release-macos-arm64 2.0.3 44.00 101.00 145.00 OK
r-release-macos-x86_64 2.0.3 57.00 215.00 272.00 OK
r-release-windows-x86_64 2.0.3 125.00 201.00 326.00 OK
r-oldrel-macos-arm64 2.0.3 40.00 104.00 144.00 NOTE
r-oldrel-macos-x86_64 2.0.3 55.00 207.00 262.00 NOTE
r-oldrel-windows-x86_64 2.0.3 321.00 284.00 605.00 OK

Check Details

Version: 2.0.3
Check: CRAN incoming feasibility
Result: NOTE Maintainer: ‘Peter DeWitt <peter.dewitt@cuanschutz.edu>’ The BugReports field in DESCRIPTION has https://github.com/dewittpe/pedbp/issues/ which should likely be https://github.com/dewittpe/pedbp/issues/issues instead. Flavor: r-devel-linux-x86_64-debian-gcc

Version: 2.0.3
Check: installed package size
Result: NOTE installed size is 5.7Mb sub-directories of 1Mb or more: libs 3.9Mb Flavors: r-oldrel-macos-arm64, r-oldrel-macos-x86_64