Last updated on 2025-11-16 18:49:39 CET.
| Flavor | Version | Tinstall | Tcheck | Ttotal | Status | Flags |
|---|---|---|---|---|---|---|
| r-devel-linux-x86_64-debian-clang | 0.1.0 | 1.85 | 20.93 | 22.78 | NOTE | |
| r-devel-linux-x86_64-debian-gcc | 0.1.0 | 1.47 | 17.42 | 18.89 | NOTE | |
| r-devel-linux-x86_64-fedora-clang | 0.1.0 | 33.34 | OK | |||
| r-devel-linux-x86_64-fedora-gcc | 0.1.0 | 32.16 | OK | |||
| r-devel-windows-x86_64 | 0.1.0 | 5.00 | 42.00 | 47.00 | OK | |
| r-patched-linux-x86_64 | 0.1.0 | 1.97 | 19.73 | 21.70 | OK | |
| r-release-linux-x86_64 | 0.1.0 | 1.88 | 19.59 | 21.47 | OK | |
| r-release-macos-arm64 | 0.1.0 | 1.00 | 14.00 | 15.00 | OK | |
| r-release-macos-x86_64 | 0.1.0 | 2.00 | 21.00 | 23.00 | OK | |
| r-release-windows-x86_64 | 0.1.0 | 3.00 | 39.00 | 42.00 | OK | |
| r-oldrel-macos-arm64 | 0.1.0 | 1.00 | 14.00 | 15.00 | OK | |
| r-oldrel-macos-x86_64 | 0.1.0 | 2.00 | 18.00 | 20.00 | OK | |
| r-oldrel-windows-x86_64 | 0.1.0 | 3.00 | 45.00 | 48.00 | OK |
Version: 0.1.0
Check: CRAN incoming feasibility
Result: NOTE
Maintainer: ‘Daniele Cuntrera <daniele.cuntrera@unipa.it>’
The Description field contains
Muggeo, V. M. (2022) <arXiv:2212.08582>.
Please refer to arXiv e-prints via their arXiv DOI <doi:10.48550/arXiv.YYMM.NNNNN>.
Flavors: r-devel-linux-x86_64-debian-clang, r-devel-linux-x86_64-debian-gcc