Last updated on 2025-11-16 12:49:39 CET.
| Flavor | Version | Tinstall | Tcheck | Ttotal | Status | Flags |
|---|---|---|---|---|---|---|
| r-devel-linux-x86_64-debian-clang | 0.1.1 | 9.67 | 104.89 | 114.56 | NOTE | |
| r-devel-linux-x86_64-debian-gcc | 0.1.1 | 5.88 | 73.85 | 79.73 | NOTE | |
| r-devel-linux-x86_64-fedora-clang | 0.1.1 | 22.00 | 157.06 | 179.06 | OK | |
| r-devel-linux-x86_64-fedora-gcc | 0.1.1 | 19.00 | 162.23 | 181.23 | OK | |
| r-devel-windows-x86_64 | 0.1.1 | 12.00 | 115.00 | 127.00 | OK | |
| r-patched-linux-x86_64 | 0.1.1 | 10.08 | 98.42 | 108.50 | OK | |
| r-release-linux-x86_64 | 0.1.1 | 8.49 | 98.21 | 106.70 | OK | |
| r-release-macos-arm64 | 0.1.1 | 4.00 | 54.00 | 58.00 | OK | |
| r-release-macos-x86_64 | 0.1.1 | 8.00 | 101.00 | 109.00 | OK | |
| r-release-windows-x86_64 | 0.1.1 | 12.00 | 109.00 | 121.00 | OK | |
| r-oldrel-macos-arm64 | 0.1.1 | 3.00 | 48.00 | 51.00 | OK | |
| r-oldrel-macos-x86_64 | 0.1.1 | 6.00 | 81.00 | 87.00 | OK | |
| r-oldrel-windows-x86_64 | 0.1.1 | 15.00 | 138.00 | 153.00 | OK |
Version: 0.1.1
Check: CRAN incoming feasibility
Result: NOTE
Maintainer: ‘Elena Geminiani <geminianielena@gmail.com>’
Package CITATION file contains call(s) to old-style citEntry(). Please
use bibentry() instead.
Flavors: r-devel-linux-x86_64-debian-clang, r-devel-linux-x86_64-debian-gcc