Last updated on 2025-11-16 06:49:47 CET.
| Flavor | Version | Tinstall | Tcheck | Ttotal | Status | Flags |
|---|---|---|---|---|---|---|
| r-devel-linux-x86_64-debian-clang | 1.6 | 5.88 | 63.93 | 69.81 | OK | |
| r-devel-linux-x86_64-debian-gcc | 1.6 | 5.80 | 49.05 | 54.85 | NOTE | |
| r-devel-linux-x86_64-fedora-clang | 1.6 | 20.00 | 88.45 | 108.45 | OK | |
| r-devel-linux-x86_64-fedora-gcc | 1.6 | 17.00 | 84.52 | 101.52 | OK | |
| r-devel-windows-x86_64 | 1.6 | 15.00 | 80.00 | 95.00 | OK | |
| r-patched-linux-x86_64 | 1.6 | 8.14 | 59.96 | 68.10 | OK | |
| r-release-linux-x86_64 | 1.6 | 8.27 | 60.21 | 68.48 | OK | |
| r-release-macos-arm64 | 1.6 | 5.00 | 30.00 | 35.00 | OK | |
| r-release-macos-x86_64 | 1.6 | 9.00 | 65.00 | 74.00 | OK | |
| r-release-windows-x86_64 | 1.6 | 11.00 | 74.00 | 85.00 | OK | |
| r-oldrel-macos-arm64 | 1.6 | 5.00 | 35.00 | 40.00 | OK | |
| r-oldrel-macos-x86_64 | 1.6 | 12.00 | 75.00 | 87.00 | OK | |
| r-oldrel-windows-x86_64 | 1.6 | 14.00 | 90.00 | 104.00 | OK |
Version: 1.6
Check: CRAN incoming feasibility
Result: NOTE
Maintainer: ‘Frederic Bertrand <frederic.bertrand@lecnam.net>’
The BugReports field in DESCRIPTION has
https://github.com/fbertran/peperr/issues/
which should likely be
https://github.com/fbertran/peperr/issues/issues
instead.
Flavor: r-devel-linux-x86_64-debian-gcc