Last updated on 2025-11-16 06:49:47 CET.
| Flavor | Version | Tinstall | Tcheck | Ttotal | Status | Flags |
|---|---|---|---|---|---|---|
| r-devel-linux-x86_64-debian-clang | 0.15.2 | 18.62 | 234.01 | 252.63 | NOTE | |
| r-devel-linux-x86_64-debian-gcc | 0.15.2 | 11.21 | 158.58 | 169.79 | NOTE | |
| r-devel-linux-x86_64-fedora-clang | 0.15.2 | 171.00 | 279.21 | 450.21 | NOTE | |
| r-devel-linux-x86_64-fedora-gcc | 0.15.2 | 107.00 | 319.68 | 426.68 | NOTE | |
| r-devel-windows-x86_64 | 0.15.2 | 23.00 | 222.00 | 245.00 | NOTE | |
| r-patched-linux-x86_64 | 0.15.2 | 23.61 | 222.81 | 246.42 | OK | |
| r-release-linux-x86_64 | 0.15.2 | 21.22 | 227.10 | 248.32 | OK | |
| r-release-macos-arm64 | 0.15.2 | 9.00 | 79.00 | 88.00 | OK | |
| r-release-macos-x86_64 | 0.15.2 | 18.00 | 187.00 | 205.00 | OK | |
| r-release-windows-x86_64 | 0.15.2 | 21.00 | 221.00 | 242.00 | OK | |
| r-oldrel-macos-arm64 | 0.15.2 | 8.00 | 82.00 | 90.00 | OK | |
| r-oldrel-macos-x86_64 | 0.15.2 | 25.00 | 165.00 | 190.00 | OK | |
| r-oldrel-windows-x86_64 | 0.15.2 | 32.00 | 283.00 | 315.00 | OK |
Version: 0.15.2
Check: Rd files
Result: NOTE
checkRd: (-1) check_predictions.Rd:74: height/width attributes should be in pixels
Flavors: r-devel-linux-x86_64-debian-clang, r-devel-linux-x86_64-debian-gcc, r-devel-linux-x86_64-fedora-clang, r-devel-linux-x86_64-fedora-gcc, r-devel-windows-x86_64