CRAN Package Check Results for Package petitr

Last updated on 2025-04-29 13:51:34 CEST.

Flavor Version Tinstall Tcheck Ttotal Status Flags
r-devel-linux-x86_64-debian-clang 1.0 1.76 26.55 28.31 NOTE
r-devel-linux-x86_64-debian-gcc 1.0 1.38 19.86 21.24 NOTE
r-devel-linux-x86_64-fedora-clang 1.0 44.52 OK
r-devel-linux-x86_64-fedora-gcc 1.0 43.70 OK
r-devel-windows-x86_64 1.0 2.00 47.00 49.00 OK
r-patched-linux-x86_64 1.0 1.78 24.86 26.64 OK
r-release-linux-x86_64 1.0 1.56 25.05 26.61 OK
r-release-macos-arm64 1.0 18.00 OK
r-release-macos-x86_64 1.0 27.00 OK
r-release-windows-x86_64 1.0 3.00 49.00 52.00 OK
r-oldrel-macos-arm64 1.0 17.00 OK
r-oldrel-macos-x86_64 1.0 24.00 OK
r-oldrel-windows-x86_64 1.0 3.00 44.00 47.00 OK

Check Details

Version: 1.0
Check: CRAN incoming feasibility
Result: NOTE Maintainer: ‘Jean-Sebastien Pierre <jean-sebastien.pierre@univ-rennes1.fr>’ No Authors@R field in DESCRIPTION. Please add one, modifying Authors@R: person(given = "Jean-Sebastien", family = "Pierre", role = c("aut", "cre"), email = "jean-sebastien.pierre@univ-rennes1.fr") as necessary. The URL field contains the following bad parts: none The URL field should be a list of URLs separated by commas or whitespace. Flavors: r-devel-linux-x86_64-debian-clang, r-devel-linux-x86_64-debian-gcc