Last updated on 2025-04-29 13:51:34 CEST.
Flavor | Version | Tinstall | Tcheck | Ttotal | Status | Flags |
---|---|---|---|---|---|---|
r-devel-linux-x86_64-debian-clang | 0.4.17 | 4.08 | 33.99 | 38.07 | NOTE | |
r-devel-linux-x86_64-debian-gcc | 0.4.17 | 2.85 | 25.82 | 28.67 | NOTE | |
r-devel-linux-x86_64-fedora-clang | 0.4.17 | 58.44 | OK | |||
r-devel-linux-x86_64-fedora-gcc | 0.4.17 | 56.45 | OK | |||
r-devel-windows-x86_64 | 0.4.17 | 6.00 | 63.00 | 69.00 | OK | |
r-patched-linux-x86_64 | 0.4.17 | 4.51 | 31.20 | 35.71 | OK | |
r-release-linux-x86_64 | 0.4.17 | 3.82 | 31.03 | 34.85 | OK | |
r-release-macos-arm64 | 0.4.17 | 21.00 | OK | |||
r-release-macos-x86_64 | 0.4.17 | 35.00 | OK | |||
r-release-windows-x86_64 | 0.4.17 | 7.00 | 66.00 | 73.00 | OK | |
r-oldrel-macos-arm64 | 0.4.17 | 19.00 | OK | |||
r-oldrel-macos-x86_64 | 0.4.17 | 33.00 | OK | |||
r-oldrel-windows-x86_64 | 0.4.17 | 7.00 | 58.00 | 65.00 | OK |
Version: 0.4.17
Check: CRAN incoming feasibility
Result: NOTE
Maintainer: ‘Washington Junger <wjunger@ims.uerj.br>’
No Authors@R field in DESCRIPTION.
Please add one, modifying
Authors@R: person(given = "Washington",
family = "Junger",
role = c("aut", "cre"),
email = "wjunger@ims.uerj.br")
as necessary.
Flavors: r-devel-linux-x86_64-debian-clang, r-devel-linux-x86_64-debian-gcc