Last updated on 2025-11-16 06:49:48 CET.
| Flavor | Version | Tinstall | Tcheck | Ttotal | Status | Flags |
|---|---|---|---|---|---|---|
| r-devel-linux-x86_64-debian-clang | 1.2.0 | 172.14 | 135.58 | 307.72 | OK | |
| r-devel-linux-x86_64-debian-gcc | 1.2.0 | 115.95 | 92.25 | 208.20 | OK | |
| r-devel-linux-x86_64-fedora-clang | 1.2.0 | 1260.00 | -725.19 | 534.81 | OK | |
| r-devel-linux-x86_64-fedora-gcc | 1.2.0 | 406.00 | 97.20 | 503.20 | OK | |
| r-devel-windows-x86_64 | 1.2.0 | 184.00 | 148.00 | 332.00 | OK | |
| r-patched-linux-x86_64 | 1.2.0 | 177.57 | 130.43 | 308.00 | OK | |
| r-release-linux-x86_64 | 1.2.0 | 169.64 | 126.17 | 295.81 | OK | |
| r-release-macos-arm64 | 1.2.0 | 119.00 | 78.00 | 197.00 | OK | |
| r-release-macos-x86_64 | 1.2.0 | 309.00 | 207.00 | 516.00 | OK | |
| r-release-windows-x86_64 | 1.2.0 | 178.00 | 147.00 | 325.00 | OK | |
| r-oldrel-macos-arm64 | 1.2.0 | 113.00 | 81.00 | 194.00 | NOTE | |
| r-oldrel-macos-x86_64 | 1.2.0 | 310.00 | 199.00 | 509.00 | NOTE | |
| r-oldrel-windows-x86_64 | 1.2.0 | 270.00 | 194.00 | 464.00 | OK |
Version: 1.2.0
Check: installed package size
Result: NOTE
installed size is 5.4Mb
sub-directories of 1Mb or more:
data 4.3Mb
Flavors: r-oldrel-macos-arm64, r-oldrel-macos-x86_64