Last updated on 2025-11-16 18:49:39 CET.
| Flavor | Version | Tinstall | Tcheck | Ttotal | Status | Flags |
|---|---|---|---|---|---|---|
| r-devel-linux-x86_64-debian-clang | 1.2-7 | 9.63 | 88.96 | 98.59 | NOTE | |
| r-devel-linux-x86_64-debian-gcc | 1.2-7 | 8.42 | 67.11 | 75.53 | NOTE | |
| r-devel-linux-x86_64-fedora-clang | 1.2-7 | 27.00 | 130.60 | 157.60 | OK | |
| r-devel-linux-x86_64-fedora-gcc | 1.2-7 | 29.00 | 114.69 | 143.69 | OK | |
| r-devel-windows-x86_64 | 1.2-7 | 22.00 | 103.00 | 125.00 | OK | |
| r-patched-linux-x86_64 | 1.2-7 | 11.28 | 86.38 | 97.66 | OK | |
| r-release-linux-x86_64 | 1.2-7 | 11.41 | 86.48 | 97.89 | OK | |
| r-release-macos-arm64 | 1.2-7 | 6.00 | 44.00 | 50.00 | OK | |
| r-release-macos-x86_64 | 1.2-7 | 12.00 | 75.00 | 87.00 | OK | |
| r-release-windows-x86_64 | 1.2-7 | 15.00 | 103.00 | 118.00 | OK | |
| r-oldrel-macos-arm64 | 1.2-7 | 5.00 | 36.00 | 41.00 | OK | |
| r-oldrel-macos-x86_64 | 1.2-7 | 10.00 | 58.00 | 68.00 | OK | |
| r-oldrel-windows-x86_64 | 1.2-7 | 19.00 | 120.00 | 139.00 | OK |
Version: 1.2-7
Check: CRAN incoming feasibility
Result: NOTE
Maintainer: ‘Maximilian Lange <maximilian.lange@ufz.de>’
No Authors@R field in DESCRIPTION.
Please add one, modifying
Authors@R: person(given = "Maximilian",
family = "Lange",
role = c("aut", "cre"),
email = "maximilian.lange@ufz.de")
as necessary.
Flavors: r-devel-linux-x86_64-debian-clang, r-devel-linux-x86_64-debian-gcc