Last updated on 2025-04-29 13:51:34 CEST.
Flavor | Version | Tinstall | Tcheck | Ttotal | Status | Flags |
---|---|---|---|---|---|---|
r-devel-linux-x86_64-debian-clang | 2.0.1 | 25.62 | 195.15 | 220.77 | NOTE | |
r-devel-linux-x86_64-debian-gcc | 2.0.1 | 14.69 | 119.02 | 133.71 | OK | |
r-devel-linux-x86_64-fedora-clang | 2.0.1 | 354.32 | OK | |||
r-devel-linux-x86_64-fedora-gcc | 2.0.1 | 341.74 | OK | |||
r-devel-windows-x86_64 | 2.0.1 | 21.00 | 148.00 | 169.00 | OK | |
r-patched-linux-x86_64 | 2.0.1 | 23.55 | 186.90 | 210.45 | OK | |
r-release-linux-x86_64 | 2.0.1 | 22.38 | 184.84 | 207.22 | OK | |
r-release-macos-arm64 | 2.0.1 | 77.00 | OK | |||
r-release-macos-x86_64 | 2.0.1 | 169.00 | OK | |||
r-release-windows-x86_64 | 2.0.1 | 20.00 | 153.00 | 173.00 | OK | |
r-oldrel-macos-arm64 | 2.0.1 | 65.00 | OK | |||
r-oldrel-macos-x86_64 | 2.0.1 | 115.00 | OK | |||
r-oldrel-windows-x86_64 | 2.0.1 | 25.00 | 212.00 | 237.00 | OK |
Version: 2.0.1
Check: examples
Result: NOTE
Examples with CPU (user + system) or elapsed time > 5s
user system elapsed
mapPheno 3.961 0.05 5.586
Flavor: r-devel-linux-x86_64-debian-clang