Last updated on 2024-06-27 16:49:11 CEST.
Flavor | Version | Tinstall | Tcheck | Ttotal | Status | Flags |
---|---|---|---|---|---|---|
r-devel-linux-x86_64-debian-clang | 0.11.2 | OK | ||||
r-devel-linux-x86_64-debian-gcc | 0.11.2 | 23.99 | 186.95 | 210.94 | OK | |
r-devel-linux-x86_64-fedora-clang | 0.11.2 | 358.52 | OK | |||
r-devel-linux-x86_64-fedora-gcc | 0.11.2 | 351.85 | OK | |||
r-devel-windows-x86_64 | 0.11.2 | 28.00 | 264.00 | 292.00 | OK | |
r-patched-linux-x86_64 | 0.11.2 | 38.24 | 250.05 | 288.29 | OK | |
r-release-linux-x86_64 | 0.11.2 | 28.28 | 245.27 | 273.55 | OK | |
r-release-macos-arm64 | 0.11.2 | 94.00 | OK | |||
r-release-macos-x86_64 | 0.11.2 | 152.00 | OK | |||
r-release-windows-x86_64 | 0.11.2 | 28.00 | 267.00 | 295.00 | OK | |
r-oldrel-macos-arm64 | 0.11.2 | 122.00 | OK | |||
r-oldrel-macos-x86_64 | 0.11.2 | 266.00 | NOTE | |||
r-oldrel-windows-x86_64 | 0.11.2 | 39.00 | 316.00 | 355.00 | OK |
Version: 0.11.2
Check: installed package size
Result: NOTE
installed size is 5.9Mb
sub-directories of 1Mb or more:
R 2.1Mb
help 2.1Mb
Flavor: r-oldrel-macos-x86_64