Last updated on 2025-11-16 18:49:39 CET.
| Flavor | Version | Tinstall | Tcheck | Ttotal | Status | Flags |
|---|---|---|---|---|---|---|
| r-devel-linux-x86_64-debian-clang | 0.4.32 | 6.01 | 140.47 | 146.48 | OK | |
| r-devel-linux-x86_64-debian-gcc | 0.4.32 | 4.27 | 106.33 | 110.60 | NOTE | |
| r-devel-linux-x86_64-fedora-clang | 0.4.32 | 14.00 | 203.94 | 217.94 | OK | |
| r-devel-linux-x86_64-fedora-gcc | 0.4.32 | 15.00 | 204.97 | 219.97 | OK | |
| r-devel-windows-x86_64 | 0.4.32 | 14.00 | 153.00 | 167.00 | OK | |
| r-patched-linux-x86_64 | 0.4.32 | 7.96 | 136.07 | 144.03 | OK | |
| r-release-linux-x86_64 | 0.4.32 | 6.45 | 136.96 | 143.41 | OK | |
| r-release-macos-arm64 | 0.4.32 | 3.00 | 81.00 | 84.00 | OK | |
| r-release-macos-x86_64 | 0.4.32 | 7.00 | 154.00 | 161.00 | OK | |
| r-release-windows-x86_64 | 0.4.32 | 10.00 | 151.00 | 161.00 | OK | |
| r-oldrel-macos-arm64 | 0.4.32 | 3.00 | 84.00 | 87.00 | OK | |
| r-oldrel-macos-x86_64 | 0.4.32 | 7.00 | 153.00 | 160.00 | OK | |
| r-oldrel-windows-x86_64 | 0.4.32 | 12.00 | 185.00 | 197.00 | OK |
Version: 0.4.32
Check: CRAN incoming feasibility
Result: NOTE
Maintainer: ‘Pedro J. Aphalo <pedro.aphalo@helsinki.fi>’
The BugReports field in DESCRIPTION has
https://github.com/aphalo/photobiologyinout/issues/
which should likely be
https://github.com/aphalo/photobiologyinout/issues/issues
instead.
Flavor: r-devel-linux-x86_64-debian-gcc