CRAN Package Check Results for Package photobiologyPlants

Last updated on 2025-10-02 04:51:08 CEST.

Flavor Version Tinstall Tcheck Ttotal Status Flags
r-devel-linux-x86_64-debian-clang 0.6.1 4.88 88.84 93.72 OK
r-devel-linux-x86_64-debian-gcc 0.6.1 3.33 64.87 68.20 OK
r-devel-linux-x86_64-fedora-clang 0.6.1 149.70 OK
r-devel-linux-x86_64-fedora-gcc 0.6.1 158.98 OK
r-devel-windows-x86_64 0.6.1 7.00 77.00 84.00 ERROR
r-patched-linux-x86_64 0.6.1 5.73 82.89 88.62 OK
r-release-linux-x86_64 0.6.1 4.45 54.59 59.04 ERROR
r-release-macos-arm64 0.6.1 46.00 OK
r-release-macos-x86_64 0.6.1 108.00 OK
r-release-windows-x86_64 0.6.1 7.00 96.00 103.00 OK
r-oldrel-macos-arm64 0.6.1 50.00 OK
r-oldrel-macos-x86_64 0.6.1 96.00 OK
r-oldrel-windows-x86_64 0.6.1 8.00 113.00 121.00 OK

Additional issues

MKL

Check Details

Version: 0.6.1
Check: re-building of vignette outputs
Result: ERROR Error(s) in re-building vignettes: --- re-building 'r4p-introduction.Rmd' using rmarkdown --- finished re-building 'r4p-introduction.Rmd' --- re-building 'user-guide.Rmd' using rmarkdown Quitting from user-guide.Rmd:195-197 [unnamed-chunk-18] ~~~~~~~~~~~~~~~~~~~~~~~~~~~~~~~~~~~~~~~~~~~~~~~~~~~~~~~~~~~~~~~~~~~~~~~~~~~~~~~~ <error/rlang_error> Error in `FUN()`: ! subscript out of bounds --- Backtrace: ▆ 1. ├─ggplot2::autoplot(CRYs.mspct[c("CRY2_dark", "CRY2_light")]) 2. └─ggspectra:::autoplot.filter_mspct(CRYs.mspct[c("CRY2_dark", "CRY2_light")]) 3. ├─ggplot2::autoplot(...) 4. └─ggspectra:::autoplot.filter_spct(...) 5. └─ggspectra:::A_plot(...) 6. └─ggspectra:::normalization_label(spct, digits = 1) 7. ├─base::unique(sapply(normalization, `[[`, i = "norm.wl")) 8. └─base::sapply(normalization, `[[`, i = "norm.wl") 9. └─base::lapply(X = X, FUN = FUN, ...) ~~~~~~~~~~~~~~~~~~~~~~~~~~~~~~~~~~~~~~~~~~~~~~~~~~~~~~~~~~~~~~~~~~~~~~~~~~~~~~~~ Error: processing vignette 'user-guide.Rmd' failed with diagnostics: subscript out of bounds --- failed re-building 'user-guide.Rmd' SUMMARY: processing the following file failed: 'user-guide.Rmd' Error: Vignette re-building failed. Execution halted Flavor: r-devel-windows-x86_64

Version: 0.6.1
Check: re-building of vignette outputs
Result: ERROR Error(s) in re-building vignettes: ... --- re-building ‘r4p-introduction.Rmd’ using rmarkdown [WARNING] Deprecated: --highlight-style. Use --syntax-highlighting instead. --- finished re-building ‘r4p-introduction.Rmd’ --- re-building ‘user-guide.Rmd’ using rmarkdown Quitting from user-guide.Rmd:195-197 [unnamed-chunk-18] ~~~~~~~~~~~~~~~~~~~~~~~~~~~~~~~~~~~~~~~~~~~~~~~~~~~~~~~~~~~~~~~~~~~~~~~~~~~~~~~~ <error/rlang_error> Error in `FUN()`: ! subscript out of bounds --- Backtrace: ▆ 1. ├─ggplot2::autoplot(CRYs.mspct[c("CRY2_dark", "CRY2_light")]) 2. └─ggspectra:::autoplot.filter_mspct(CRYs.mspct[c("CRY2_dark", "CRY2_light")]) 3. ├─ggplot2::autoplot(...) 4. └─ggspectra:::autoplot.filter_spct(...) 5. └─ggspectra:::A_plot(...) 6. └─ggspectra:::normalization_label(spct, digits = 1) 7. ├─base::unique(sapply(normalization, `[[`, i = "norm.wl")) 8. └─base::sapply(normalization, `[[`, i = "norm.wl") 9. └─base::lapply(X = X, FUN = FUN, ...) ~~~~~~~~~~~~~~~~~~~~~~~~~~~~~~~~~~~~~~~~~~~~~~~~~~~~~~~~~~~~~~~~~~~~~~~~~~~~~~~~ Error: processing vignette 'user-guide.Rmd' failed with diagnostics: subscript out of bounds --- failed re-building ‘user-guide.Rmd’ SUMMARY: processing the following file failed: ‘user-guide.Rmd’ Error: Vignette re-building failed. Execution halted Flavor: r-release-linux-x86_64