CRAN Package Check Results for Package photobiologyWavebands

Last updated on 2025-07-08 20:49:53 CEST.

Flavor Version Tinstall Tcheck Ttotal Status Flags
r-devel-linux-x86_64-debian-clang 0.5.2 5.20 54.28 59.48 NOTE
r-devel-linux-x86_64-debian-gcc 0.5.2 4.09 40.74 44.83 NOTE
r-devel-linux-x86_64-fedora-clang 0.5.2 86.38 OK
r-devel-linux-x86_64-fedora-gcc 0.5.2 94.02 OK
r-devel-windows-x86_64 0.5.2 8.00 85.00 93.00 NOTE
r-patched-linux-x86_64 0.5.2 7.10 49.26 56.36 NOTE
r-release-linux-x86_64 0.5.2 5.12 48.91 54.03 NOTE
r-release-macos-arm64 0.5.2 36.00 OK
r-release-macos-x86_64 0.5.2 66.00 OK
r-release-windows-x86_64 0.5.2 8.00 86.00 94.00 NOTE
r-oldrel-macos-arm64 0.5.2 37.00 OK
r-oldrel-macos-x86_64 0.5.2 63.00 OK
r-oldrel-windows-x86_64 0.5.2 9.00 94.00 103.00 OK

Check Details

Version: 0.5.2
Check: Rd cross-references
Result: NOTE Found the following Rd file(s) with Rd \link{} targets missing package anchors: Blue.Rd: new_waveband, waveband DNA_GM.Rd: new_waveband, waveband DNA_N.Rd: new_waveband, waveband DNA_P.Rd: new_waveband, waveband GEN_M.Rd: new_waveband, waveband IR.Rd: new_waveband, waveband Purple.Rd: new_waveband, waveband UV.Rd: new_waveband, waveband UVC.Rd: new_waveband, waveband UV_health_hazard.Rd: new_waveband, waveband Please provide package anchors for all Rd \link{} targets not in the package itself and the base packages. Flavors: r-devel-linux-x86_64-debian-clang, r-devel-linux-x86_64-debian-gcc, r-devel-windows-x86_64, r-patched-linux-x86_64, r-release-linux-x86_64, r-release-windows-x86_64