Last updated on 2024-06-27 16:49:11 CEST.
Flavor | Version | Tinstall | Tcheck | Ttotal | Status | Flags |
---|---|---|---|---|---|---|
r-devel-linux-x86_64-debian-clang | 2.1.4 | OK | ||||
r-devel-linux-x86_64-debian-gcc | 2.1.4 | 9.65 | 208.06 | 217.71 | OK | |
r-devel-linux-x86_64-fedora-clang | 2.1.4 | 372.42 | NOTE | |||
r-devel-linux-x86_64-fedora-gcc | 2.1.4 | 365.71 | NOTE | |||
r-devel-windows-x86_64 | 2.1.4 | 12.00 | 215.00 | 227.00 | NOTE | |
r-patched-linux-x86_64 | 2.1.4 | 13.42 | 272.70 | 286.12 | OK | |
r-release-linux-x86_64 | 2.1.4 | 8.58 | 278.98 | 287.56 | OK | |
r-release-macos-arm64 | 2.1.4 | 101.00 | NOTE | |||
r-release-macos-x86_64 | 2.1.4 | 158.00 | NOTE | |||
r-release-windows-x86_64 | 2.1.4 | 12.00 | 215.00 | 227.00 | NOTE | |
r-oldrel-macos-arm64 | 2.1.4 | 114.00 | NOTE | |||
r-oldrel-macos-x86_64 | 2.1.4 | 226.00 | NOTE | |||
r-oldrel-windows-x86_64 | 2.1.4 | 15.00 | 272.00 | 287.00 | NOTE |
Version: 2.1.4
Check: installed package size
Result: NOTE
installed size is 7.3Mb
sub-directories of 1Mb or more:
doc 6.1Mb
Flavors: r-devel-linux-x86_64-fedora-clang, r-devel-windows-x86_64, r-release-macos-arm64, r-release-macos-x86_64, r-release-windows-x86_64, r-oldrel-macos-arm64, r-oldrel-macos-x86_64, r-oldrel-windows-x86_64
Version: 2.1.4
Check: data for non-ASCII characters
Result: NOTE
Note: found 13 marked UTF-8 strings
Flavors: r-devel-linux-x86_64-fedora-clang, r-devel-linux-x86_64-fedora-gcc