Last updated on 2025-04-29 13:51:34 CEST.
Flavor | Version | Tinstall | Tcheck | Ttotal | Status | Flags |
---|---|---|---|---|---|---|
r-devel-linux-x86_64-debian-clang | 3.8.7 | 311.44 | 36.53 | 347.97 | OK | |
r-devel-linux-x86_64-debian-gcc | 3.8.7 | 261.00 | 27.16 | 288.16 | OK | |
r-devel-linux-x86_64-fedora-clang | 3.8.7 | 784.83 | OK | |||
r-devel-linux-x86_64-fedora-gcc | 3.8.7 | 755.69 | OK | |||
r-devel-windows-x86_64 | 3.8.7 | 526.00 | 106.00 | 632.00 | OK | |
r-patched-linux-x86_64 | 3.8.7 | 369.24 | 34.89 | 404.13 | OK | |
r-release-linux-x86_64 | 3.8.7 | 369.45 | 34.47 | 403.92 | OK | |
r-release-macos-arm64 | 3.8.7 | 172.00 | OK | |||
r-release-macos-x86_64 | 3.8.7 | 148.00 | OK | |||
r-release-windows-x86_64 | 3.8.7 | 529.00 | 115.00 | 644.00 | OK | |
r-oldrel-macos-arm64 | 3.8.7 | 164.00 | NOTE | |||
r-oldrel-macos-x86_64 | 3.8.7 | 144.00 | NOTE | |||
r-oldrel-windows-x86_64 | 3.8.7 | 441.00 | 106.00 | 547.00 | OK |
Version: 3.8.7
Check: installed package size
Result: NOTE
installed size is 48.2Mb
sub-directories of 1Mb or more:
libs 47.1Mb
Flavors: r-oldrel-macos-arm64, r-oldrel-macos-x86_64