Last updated on 2025-05-18 14:49:22 CEST.
Flavor | Version | Tinstall | Tcheck | Ttotal | Status | Flags |
---|---|---|---|---|---|---|
r-devel-linux-x86_64-debian-clang | 2.3.0.1 | 13.43 | 101.22 | 114.65 | NOTE | |
r-devel-linux-x86_64-debian-gcc | 2.3.0.1 | 9.28 | 72.97 | 82.25 | NOTE | |
r-devel-linux-x86_64-fedora-clang | 2.3.0.1 | 185.54 | OK | |||
r-devel-linux-x86_64-fedora-gcc | 2.3.0.1 | 201.34 | OK | |||
r-devel-windows-x86_64 | 2.3.0.1 | 15.00 | 116.00 | 131.00 | NOTE | |
r-patched-linux-x86_64 | 2.3.0.1 | 13.72 | 96.55 | 110.27 | NOTE | |
r-release-linux-x86_64 | 2.3.0.1 | 12.96 | 96.91 | 109.87 | NOTE | |
r-release-macos-arm64 | 2.3.0.1 | 73.00 | OK | |||
r-release-macos-x86_64 | 2.3.0.1 | 102.00 | OK | |||
r-release-windows-x86_64 | 2.3.0.1 | 16.00 | 115.00 | 131.00 | NOTE | |
r-oldrel-macos-arm64 | 2.3.0.1 | 56.00 | OK | |||
r-oldrel-macos-x86_64 | 2.3.0.1 | 124.00 | OK | |||
r-oldrel-windows-x86_64 | 2.3.0.1 | 20.00 | 141.00 | 161.00 | OK |
Version: 2.3.0.1
Check: Rd cross-references
Result: NOTE
Found the following Rd file(s) with Rd \link{} targets missing package
anchors:
anova.psem.Rd: Anova
coefs.Rd: Anova
summary.psem.Rd: Anova
Please provide package anchors for all Rd \link{} targets not in the
package itself and the base packages.
Flavors: r-devel-linux-x86_64-debian-clang, r-devel-linux-x86_64-debian-gcc, r-devel-windows-x86_64, r-patched-linux-x86_64, r-release-linux-x86_64, r-release-windows-x86_64