Last updated on 2025-04-29 13:51:34 CEST.
Flavor | Version | Tinstall | Tcheck | Ttotal | Status | Flags |
---|---|---|---|---|---|---|
r-devel-linux-x86_64-debian-clang | 1.1 | 2.56 | 21.84 | 24.40 | NOTE | |
r-devel-linux-x86_64-debian-gcc | 1.1 | 1.87 | 17.13 | 19.00 | NOTE | |
r-devel-linux-x86_64-fedora-clang | 1.1 | 37.41 | OK | |||
r-devel-linux-x86_64-fedora-gcc | 1.1 | 35.45 | OK | |||
r-devel-windows-x86_64 | 1.1 | 4.00 | 40.00 | 44.00 | OK | |
r-patched-linux-x86_64 | 1.1 | 2.91 | 20.39 | 23.30 | OK | |
r-release-linux-x86_64 | 1.1 | 2.57 | 20.45 | 23.02 | OK | |
r-release-macos-arm64 | 1.1 | 18.00 | OK | |||
r-release-macos-x86_64 | 1.1 | 23.00 | OK | |||
r-release-windows-x86_64 | 1.1 | 4.00 | 41.00 | 45.00 | OK | |
r-oldrel-macos-arm64 | 1.1 | 16.00 | OK | |||
r-oldrel-macos-x86_64 | 1.1 | 21.00 | OK | |||
r-oldrel-windows-x86_64 | 1.1 | 3.00 | 38.00 | 41.00 | OK |
Version: 1.1
Check: CRAN incoming feasibility
Result: NOTE
Maintainer: ‘Francois Deslandes <francois.deslandes@inra.fr>’
No Authors@R field in DESCRIPTION.
Please add one, modifying
Authors@R: c(person(given = "Jade",
family = "Giguelay",
role = "aut"),
person(given = "Francois",
family = "Deslandes",
role = "cre",
email = "francois.deslandes@inra.fr"))
as necessary.
Flavors: r-devel-linux-x86_64-debian-clang, r-devel-linux-x86_64-debian-gcc