Last updated on 2025-04-29 13:51:34 CEST.
Flavor | Version | Tinstall | Tcheck | Ttotal | Status | Flags |
---|---|---|---|---|---|---|
r-devel-linux-x86_64-debian-clang | 1.1-12 | 8.09 | 30.47 | 38.56 | NOTE | |
r-devel-linux-x86_64-debian-gcc | 1.1-12 | 5.07 | 23.50 | 28.57 | NOTE | |
r-devel-linux-x86_64-fedora-clang | 1.1-12 | 57.84 | OK | |||
r-devel-linux-x86_64-fedora-gcc | 1.1-12 | 55.25 | OK | |||
r-devel-windows-x86_64 | 1.1-12 | 13.00 | 54.00 | 67.00 | OK | |
r-patched-linux-x86_64 | 1.1-12 | 7.93 | 29.14 | 37.07 | NOTE | |
r-release-linux-x86_64 | 1.1-12 | 5.31 | 29.11 | 34.42 | NOTE | |
r-release-macos-arm64 | 1.1-12 | 25.00 | OK | |||
r-release-macos-x86_64 | 1.1-12 | 54.00 | OK | |||
r-release-windows-x86_64 | 1.1-12 | 13.00 | 58.00 | 71.00 | OK | |
r-oldrel-macos-arm64 | 1.1-12 | 22.00 | OK | |||
r-oldrel-macos-x86_64 | 1.1-12 | 32.00 | OK | |||
r-oldrel-windows-x86_64 | 1.1-12 | 14.00 | 60.00 | 74.00 | OK |
Version: 1.1-12
Check: CRAN incoming feasibility
Result: NOTE
Maintainer: ‘Robert B. Gramacy <rbg@vt.edu>’
No Authors@R field in DESCRIPTION.
Please add one, modifying
Authors@R: person(given = c("Robert", "B."),
family = "Gramacy",
role = c("aut", "cre"),
email = "rbg@vt.edu")
as necessary.
The Description field contains
(PL) following Gramacy & Polson (2011) <arXiv:0909.5262>. The
Please refer to arXiv e-prints via their arXiv DOI <doi:10.48550/arXiv.YYMM.NNNNN>.
Flavors: r-devel-linux-x86_64-debian-clang, r-devel-linux-x86_64-debian-gcc
Version: 1.1-12
Check: for unstated dependencies in ‘demo’
Result: NOTE
'library' or 'require' call not declared from: ‘MASS’
Flavors: r-devel-linux-x86_64-debian-clang, r-devel-linux-x86_64-debian-gcc, r-patched-linux-x86_64, r-release-linux-x86_64