Last updated on 2025-10-23 11:50:22 CEST.
Flavor | Version | Tinstall | Tcheck | Ttotal | Status | Flags |
---|---|---|---|---|---|---|
r-devel-linux-x86_64-debian-clang | 4.2.1 | 52.29 | 100.75 | 153.04 | NOTE | |
r-devel-linux-x86_64-debian-gcc | 4.2.1 | 28.77 | 75.18 | 103.95 | OK | |
r-devel-linux-x86_64-fedora-clang | 4.2.1 | 114.00 | 138.08 | 252.08 | OK | |
r-devel-linux-x86_64-fedora-gcc | 4.2.1 | 78.00 | 161.46 | 239.46 | OK | |
r-devel-windows-x86_64 | 4.2.1 | 71.00 | 127.00 | 198.00 | OK | |
r-patched-linux-x86_64 | 4.2.1 | 50.98 | 92.54 | 143.52 | OK | |
r-release-linux-x86_64 | 4.2.1 | 49.03 | 92.63 | 141.66 | OK | |
r-release-macos-arm64 | 4.2.1 | 22.00 | 62.00 | 84.00 | OK | |
r-release-macos-x86_64 | 4.2.1 | 22.00 | 103.00 | 125.00 | OK | |
r-release-windows-x86_64 | 4.2.1 | 72.00 | 127.00 | 199.00 | OK | |
r-oldrel-macos-arm64 | 4.2.1 | 19.00 | 52.00 | 71.00 | OK | |
r-oldrel-macos-x86_64 | 4.2.1 | 26.00 | 101.00 | 127.00 | OK | |
r-oldrel-windows-x86_64 | 4.2.1 | 83.00 | 159.00 | 242.00 | OK |
Version: 4.2.1
Check: HTML version of manual
Result: NOTE
Found the following HTML validation problems:
plmm_fit.html:128:1 (plmm_fit.Rd:60): Warning: missing </ul> before </div>
Flavor: r-devel-linux-x86_64-debian-clang