Last updated on 2025-10-25 00:49:45 CEST.
| Flavor | Version | Tinstall | Tcheck | Ttotal | Status | Flags |
|---|---|---|---|---|---|---|
| r-devel-linux-x86_64-debian-clang | 0.0.2 | 1.60 | 18.74 | 20.34 | OK | |
| r-devel-linux-x86_64-debian-gcc | 0.0.2 | 1.38 | 16.17 | 17.55 | OK | |
| r-devel-linux-x86_64-fedora-clang | 0.0.2 | 29.22 | OK | |||
| r-devel-linux-x86_64-fedora-gcc | 0.0.2 | 28.40 | OK | |||
| r-devel-windows-x86_64 | 0.0.2 | 6.00 | 38.00 | 44.00 | OK | |
| r-patched-linux-x86_64 | 0.0.2 | 1.51 | 17.47 | 18.98 | OK | |
| r-release-linux-x86_64 | 0.0.2 | 1.54 | 17.41 | 18.95 | OK | |
| r-release-macos-arm64 | 0.0.2 | 1.00 | 14.00 | 15.00 | OK | |
| r-release-macos-x86_64 | 0.0.2 | 1.00 | 22.00 | 23.00 | OK | |
| r-release-windows-x86_64 | 0.0.2 | 5.00 | 41.00 | 46.00 | OK | |
| r-oldrel-macos-arm64 | 0.0.2 | 1.00 | 18.00 | 19.00 | NOTE | |
| r-oldrel-macos-x86_64 | 0.0.2 | 1.00 | 18.00 | 19.00 | NOTE | |
| r-oldrel-windows-x86_64 | 0.0.2 | 7.00 | 41.00 | 48.00 | NOTE |
Version: 0.0.2
Check: LazyData
Result: NOTE
'LazyData' is specified without a 'data' directory
Flavors: r-oldrel-macos-arm64, r-oldrel-macos-x86_64, r-oldrel-windows-x86_64