Last updated on 2024-07-13 05:49:22 CEST.
Flavor | Version | Tinstall | Tcheck | Ttotal | Status | Flags |
---|---|---|---|---|---|---|
r-devel-linux-x86_64-debian-clang | 0.0.2 | 2.07 | 20.98 | 23.05 | NOTE | |
r-devel-linux-x86_64-debian-gcc | 0.0.2 | 1.79 | 16.68 | 18.47 | NOTE | |
r-devel-linux-x86_64-fedora-clang | 0.0.2 | 29.00 | NOTE | |||
r-devel-linux-x86_64-fedora-gcc | 0.0.2 | 28.04 | NOTE | |||
r-devel-windows-x86_64 | 0.0.2 | 5.00 | 40.00 | 45.00 | NOTE | |
r-patched-linux-x86_64 | 0.0.2 | 2.04 | 20.18 | 22.22 | NOTE | |
r-release-linux-x86_64 | 0.0.2 | 2.20 | 20.48 | 22.68 | NOTE | |
r-release-macos-arm64 | 0.0.2 | 19.00 | NOTE | |||
r-release-macos-x86_64 | 0.0.2 | 19.00 | NOTE | |||
r-release-windows-x86_64 | 0.0.2 | 5.00 | 39.00 | 44.00 | NOTE | |
r-oldrel-macos-arm64 | 0.0.2 | 16.00 | NOTE | |||
r-oldrel-macos-x86_64 | 0.0.2 | 21.00 | NOTE | |||
r-oldrel-windows-x86_64 | 0.0.2 | 5.00 | 39.00 | 44.00 | NOTE |
Version: 0.0.2
Check: LazyData
Result: NOTE
'LazyData' is specified without a 'data' directory
Flavors: r-devel-linux-x86_64-debian-clang, r-devel-linux-x86_64-debian-gcc, r-devel-linux-x86_64-fedora-clang, r-devel-linux-x86_64-fedora-gcc, r-devel-windows-x86_64, r-patched-linux-x86_64, r-release-linux-x86_64, r-release-macos-arm64, r-release-macos-x86_64, r-release-windows-x86_64, r-oldrel-macos-arm64, r-oldrel-macos-x86_64, r-oldrel-windows-x86_64