CRAN Package Check Results for Package plsRbeta

Last updated on 2025-11-16 00:48:41 CET.

Flavor Version Tinstall Tcheck Ttotal Status Flags
r-devel-linux-x86_64-debian-clang 0.3.2 29.07 196.82 225.89 OK
r-devel-linux-x86_64-debian-gcc 0.3.2 18.23 140.18 158.41 NOTE
r-devel-linux-x86_64-fedora-clang 0.3.2 66.00 287.23 353.23 OK
r-devel-linux-x86_64-fedora-gcc 0.3.2 126.00 258.20 384.20 OK
r-devel-windows-x86_64 0.3.2 30.00 186.00 216.00 OK
r-patched-linux-x86_64 0.3.2 27.82 186.20 214.02 OK
r-release-linux-x86_64 0.3.2 28.86 186.81 215.67 OK
r-release-macos-arm64 0.3.2 13.00 117.00 130.00 OK
r-release-macos-x86_64 0.3.2 26.00 162.00 188.00 OK
r-release-windows-x86_64 0.3.2 28.00 185.00 213.00 OK
r-oldrel-macos-arm64 0.3.2 17.00 97.00 114.00 OK
r-oldrel-macos-x86_64 0.3.2 27.00 173.00 200.00 OK
r-oldrel-windows-x86_64 0.3.2 41.00 236.00 277.00 OK

Check Details

Version: 0.3.2
Check: CRAN incoming feasibility
Result: NOTE Maintainer: ‘Frederic Bertrand <frederic.bertrand@lecnam.net>’ The BugReports field in DESCRIPTION has https://github.com/fbertran/plsRbeta/issues/ which should likely be https://github.com/fbertran/plsRbeta/issues/issues instead. Flavor: r-devel-linux-x86_64-debian-gcc