CRAN Package Check Results for Package plsRcox

Last updated on 2025-11-16 06:49:48 CET.

Flavor Version Tinstall Tcheck Ttotal Status Flags
r-devel-linux-x86_64-debian-clang 1.8.0 31.47 240.53 272.00 OK
r-devel-linux-x86_64-debian-gcc 1.8.0 22.22 168.56 190.78 NOTE
r-devel-linux-x86_64-fedora-clang 1.8.0 68.00 363.08 431.08 OK
r-devel-linux-x86_64-fedora-gcc 1.8.0 69.00 331.13 400.13 OK
r-devel-windows-x86_64 1.8.0 35.00 221.00 256.00 OK
r-patched-linux-x86_64 1.8.0 32.30 228.64 260.94 OK
r-release-linux-x86_64 1.8.0 28.82 229.39 258.21 OK
r-release-macos-arm64 1.8.0 13.00 77.00 90.00 OK
r-release-macos-x86_64 1.8.0 31.00 160.00 191.00 OK
r-release-windows-x86_64 1.8.0 31.00 230.00 261.00 OK
r-oldrel-macos-arm64 1.8.0 13.00 84.00 97.00 OK
r-oldrel-macos-x86_64 1.8.0 30.00 179.00 209.00 OK
r-oldrel-windows-x86_64 1.8.0 45.00 283.00 328.00 OK

Check Details

Version: 1.8.0
Check: CRAN incoming feasibility
Result: NOTE Maintainer: ‘Frederic Bertrand <frederic.bertrand@lecnam.net>’ The BugReports field in DESCRIPTION has https://github.com/fbertran/plsRcox/issues/ which should likely be https://github.com/fbertran/plsRcox/issues/issues instead. Flavor: r-devel-linux-x86_64-debian-gcc