CRAN Package Check Results for Package plsRcox

Last updated on 2025-04-29 13:51:34 CEST.

Flavor Version Tinstall Tcheck Ttotal Status Flags
r-devel-linux-x86_64-debian-clang 1.7.7 30.78 223.02 253.80 NOTE
r-devel-linux-x86_64-debian-gcc 1.7.7 19.93 156.72 176.65 NOTE
r-devel-linux-x86_64-fedora-clang 1.7.7 428.62 OK
r-devel-linux-x86_64-fedora-gcc 1.7.7 367.16 OK
r-devel-windows-x86_64 1.7.7 30.00 223.00 253.00 OK
r-patched-linux-x86_64 1.7.7 30.46 208.64 239.10 OK
r-release-linux-x86_64 1.7.7 27.15 212.07 239.22 OK
r-release-macos-arm64 1.7.7 103.00 OK
r-release-macos-x86_64 1.7.7 202.00 OK
r-release-windows-x86_64 1.7.7 32.00 210.00 242.00 OK
r-oldrel-macos-arm64 1.7.7 99.00 OK
r-oldrel-macos-x86_64 1.7.7 159.00 OK
r-oldrel-windows-x86_64 1.7.7 41.00 278.00 319.00 OK

Check Details

Version: 1.7.7
Check: CRAN incoming feasibility
Result: NOTE Maintainer: ‘Frederic Bertrand <frederic.bertrand@utt.fr>’ Package CITATION file contains call(s) to old-style personList() or as.personList(). Please use c() on person objects instead. Package CITATION file contains call(s) to old-style citEntry(). Please use bibentry() instead. The Description field contains in <arXiv:1810.02962>, Bertrand, F., Bastien, Ph. and Maumy-Bertrand, Please refer to arXiv e-prints via their arXiv DOI <doi:10.48550/arXiv.YYMM.NNNNN>. Flavors: r-devel-linux-x86_64-debian-clang, r-devel-linux-x86_64-debian-gcc

Version: 1.7.7
Check: examples
Result: NOTE Examples with CPU (user + system) or elapsed time > 5s user system elapsed cv.autoplsRcox 4.286 0.06 5.508 Flavor: r-devel-linux-x86_64-debian-clang