CRAN Package Check Results for Package plsdof

Last updated on 2025-11-16 12:49:39 CET.

Flavor Version Tinstall Tcheck Ttotal Status Flags
r-devel-linux-x86_64-debian-clang 0.4-0 3.07 37.48 40.55 OK
r-devel-linux-x86_64-debian-gcc 0.4-0 2.41 29.81 32.22 NOTE
r-devel-linux-x86_64-fedora-clang 0.4-0 59.10 OK
r-devel-linux-x86_64-fedora-gcc 0.4-0 56.68 OK
r-devel-windows-x86_64 0.4-0 6.00 56.00 62.00 OK
r-patched-linux-x86_64 0.4-0 4.14 34.67 38.81 OK
r-release-linux-x86_64 0.4-0 2.75 34.64 37.39 OK
r-release-macos-arm64 0.4-0 1.00 20.00 21.00 OK
r-release-macos-x86_64 0.4-0 2.00 44.00 46.00 OK
r-release-windows-x86_64 0.4-0 5.00 61.00 66.00 OK
r-oldrel-macos-arm64 0.4-0 2.00 23.00 25.00 OK
r-oldrel-macos-x86_64 0.4-0 2.00 38.00 40.00 OK
r-oldrel-windows-x86_64 0.4-0 4.00 64.00 68.00 OK

Check Details

Version: 0.4-0
Check: CRAN incoming feasibility
Result: NOTE Maintainer: ‘Frederic Bertrand <frederic.bertrand@lecnam.net>’ The BugReports field in DESCRIPTION has https://github.com/fbertran/plsdof/issues/ which should likely be https://github.com/fbertran/plsdof/issues/issues instead. Flavor: r-devel-linux-x86_64-debian-gcc