Last updated on 2025-04-30 13:54:24 CEST.
Flavor | Version | Tinstall | Tcheck | Ttotal | Status | Flags |
---|---|---|---|---|---|---|
r-devel-linux-x86_64-debian-clang | 1.1.0 | 3.57 | 41.27 | 44.84 | NOTE | |
r-devel-linux-x86_64-debian-gcc | 1.1.0 | 2.15 | 33.62 | 35.77 | OK | |
r-devel-linux-x86_64-fedora-clang | 1.1.0 | 69.98 | OK | |||
r-devel-linux-x86_64-fedora-gcc | 1.1.0 | 65.22 | OK | |||
r-devel-windows-x86_64 | 1.1.0 | 6.00 | 63.00 | 69.00 | OK | |
r-patched-linux-x86_64 | 1.1.0 | 3.33 | 39.67 | 43.00 | OK | |
r-release-linux-x86_64 | 1.1.0 | 3.01 | 39.55 | 42.56 | OK | |
r-release-macos-arm64 | 1.1.0 | 27.00 | OK | |||
r-release-macos-x86_64 | 1.1.0 | 39.00 | OK | |||
r-release-windows-x86_64 | 1.1.0 | 6.00 | 61.00 | 67.00 | OK | |
r-oldrel-macos-arm64 | 1.1.0 | 23.00 | OK | |||
r-oldrel-macos-x86_64 | 1.1.0 | 52.00 | OK | |||
r-oldrel-windows-x86_64 | 1.1.0 | 6.00 | 68.00 | 74.00 | OK |
Version: 1.1.0
Check: examples
Result: NOTE
Examples with CPU (user + system) or elapsed time > 5s
user system elapsed
debias_plsmm 3.779 0.209 5.122
Flavor: r-devel-linux-x86_64-debian-clang