Last updated on 2024-06-27 16:49:11 CEST.
Flavor | Version | Tinstall | Tcheck | Ttotal | Status | Flags |
---|---|---|---|---|---|---|
r-devel-linux-x86_64-debian-clang | 0.2.4 | OK | ||||
r-devel-linux-x86_64-debian-gcc | 0.2.4 | 11.50 | 78.84 | 90.34 | OK | |
r-devel-linux-x86_64-fedora-clang | 0.2.4 | 164.47 | NOTE | |||
r-devel-linux-x86_64-fedora-gcc | 0.2.4 | 163.59 | NOTE | |||
r-devel-windows-x86_64 | 0.2.4 | 10.00 | 97.00 | 107.00 | OK | |
r-patched-linux-x86_64 | 0.2.4 | 9.49 | 101.36 | 110.85 | OK | |
r-release-linux-x86_64 | 0.2.4 | 8.45 | 101.74 | 110.19 | OK | |
r-release-macos-arm64 | 0.2.4 | 55.00 | OK | |||
r-release-macos-x86_64 | 0.2.4 | 83.00 | OK | |||
r-release-windows-x86_64 | 0.2.4 | 13.00 | 99.00 | 112.00 | OK | |
r-oldrel-macos-arm64 | 0.2.4 | 64.00 | OK | |||
r-oldrel-macos-x86_64 | 0.2.4 | 104.00 | OK | |||
r-oldrel-windows-x86_64 | 0.2.4 | 17.00 | 112.00 | 129.00 | OK |
Version: 0.2.4
Check: data for non-ASCII characters
Result: NOTE
Note: found 17 marked UTF-8 strings
Flavors: r-devel-linux-x86_64-fedora-clang, r-devel-linux-x86_64-fedora-gcc