Last updated on 2024-06-27 10:49:39 CEST.
Flavor | Version | Tinstall | Tcheck | Ttotal | Status | Flags |
---|---|---|---|---|---|---|
r-devel-linux-x86_64-debian-clang | 0.2.1 | OK | ||||
r-devel-linux-x86_64-debian-gcc | 0.2.1 | 4.36 | 123.48 | 127.84 | OK | |
r-devel-linux-x86_64-fedora-clang | 0.2.1 | 217.69 | NOTE | |||
r-devel-linux-x86_64-fedora-gcc | 0.2.1 | 237.73 | NOTE | |||
r-devel-windows-x86_64 | 0.2.1 | 7.00 | 170.00 | 177.00 | OK | |
r-patched-linux-x86_64 | 0.2.1 | 6.81 | 162.29 | 169.10 | OK | |
r-release-linux-x86_64 | 0.2.1 | 4.44 | 157.13 | 161.57 | OK | |
r-release-macos-arm64 | 0.2.1 | 80.00 | OK | |||
r-release-macos-x86_64 | 0.2.1 | 114.00 | OK | |||
r-release-windows-x86_64 | 0.2.1 | 8.00 | 174.00 | 182.00 | OK | |
r-oldrel-macos-arm64 | 0.2.1 | 77.00 | NOTE | |||
r-oldrel-macos-x86_64 | 0.2.1 | 113.00 | NOTE | |||
r-oldrel-windows-x86_64 | 0.2.1 | 10.00 | 178.00 | 188.00 | OK |
Version: 0.2.1
Check: data for non-ASCII characters
Result: NOTE
Note: found 62 marked UTF-8 strings
Flavors: r-devel-linux-x86_64-fedora-clang, r-devel-linux-x86_64-fedora-gcc
Version: 0.2.1
Check: package dependencies
Result: NOTE
Package suggested but not available for checking: ‘MSnbase’
Flavors: r-oldrel-macos-arm64, r-oldrel-macos-x86_64