Last updated on 2024-07-13 05:49:22 CEST.
Flavor | Version | Tinstall | Tcheck | Ttotal | Status | Flags |
---|---|---|---|---|---|---|
r-devel-linux-x86_64-debian-clang | 1.0.0 | 2.21 | 76.58 | 78.79 | NOTE | |
r-devel-linux-x86_64-debian-gcc | 1.0.0 | 1.55 | 54.98 | 56.53 | NOTE | |
r-devel-linux-x86_64-fedora-clang | 1.0.0 | 94.65 | NOTE | |||
r-devel-linux-x86_64-fedora-gcc | 1.0.0 | 109.37 | NOTE | |||
r-devel-windows-x86_64 | 1.0.0 | 3.00 | 87.00 | 90.00 | NOTE | |
r-patched-linux-x86_64 | 1.0.0 | 2.39 | 73.81 | 76.20 | NOTE | |
r-release-linux-x86_64 | 1.0.0 | 1.99 | 72.75 | 74.74 | NOTE | |
r-release-macos-arm64 | 1.0.0 | 45.00 | NOTE | |||
r-release-macos-x86_64 | 1.0.0 | 52.00 | NOTE | |||
r-release-windows-x86_64 | 1.0.0 | 3.00 | 84.00 | 87.00 | NOTE | |
r-oldrel-macos-arm64 | 1.0.0 | 33.00 | NOTE | |||
r-oldrel-macos-x86_64 | 1.0.0 | 60.00 | NOTE | |||
r-oldrel-windows-x86_64 | 1.0.0 | 3.00 | 90.00 | 93.00 | NOTE |
Version: 1.0.0
Check: LazyData
Result: NOTE
'LazyData' is specified without a 'data' directory
Flavors: r-devel-linux-x86_64-debian-clang, r-devel-linux-x86_64-debian-gcc, r-devel-linux-x86_64-fedora-clang, r-devel-linux-x86_64-fedora-gcc, r-devel-windows-x86_64, r-patched-linux-x86_64, r-release-linux-x86_64, r-release-macos-arm64, r-release-macos-x86_64, r-release-windows-x86_64, r-oldrel-macos-arm64, r-oldrel-macos-x86_64, r-oldrel-windows-x86_64