CRAN Package Check Results for Package pointdensityP

Last updated on 2025-04-29 13:51:34 CEST.

Flavor Version Tinstall Tcheck Ttotal Status Flags
r-devel-linux-x86_64-debian-clang 0.3.5 4.74 23.82 28.56 NOTE
r-devel-linux-x86_64-debian-gcc 0.3.5 4.13 19.16 23.29 NOTE
r-devel-linux-x86_64-fedora-clang 0.3.5 45.07 OK
r-devel-linux-x86_64-fedora-gcc 0.3.5 42.10 OK
r-devel-windows-x86_64 0.3.5 5.00 44.00 49.00 OK
r-patched-linux-x86_64 0.3.5 4.98 22.88 27.86 OK
r-release-linux-x86_64 0.3.5 5.21 22.80 28.01 OK
r-release-macos-arm64 0.3.5 19.00 OK
r-release-macos-x86_64 0.3.5 32.00 OK
r-release-windows-x86_64 0.3.5 5.00 46.00 51.00 OK
r-oldrel-macos-arm64 0.3.5 23.00 OK
r-oldrel-macos-x86_64 0.3.5 29.00 OK
r-oldrel-windows-x86_64 0.3.5 6.00 49.00 55.00 OK

Check Details

Version: 0.3.5
Check: CRAN incoming feasibility
Result: NOTE Maintainer: ‘Paul Evangelista <paul.evangelista@westpoint.edu>’ No Authors@R field in DESCRIPTION. Please add one, modifying Authors@R: c(person(given = "\"Paul", family = "Evangelista", role = "aut", email = "paul.evangelista@westpoint.edu"), person(given = "Dave", family = "Beskow\"", role = "aut", email = "david.beskow@westpoint.edu"), person(given = "Paul", family = "Evangelista", role = "cre", email = "paul.evangelista@westpoint.edu")) as necessary. Flavors: r-devel-linux-x86_64-debian-clang, r-devel-linux-x86_64-debian-gcc