CRAN Package Check Results for Package poliscidata

Last updated on 2025-04-29 13:51:34 CEST.

Flavor Version Tinstall Tcheck Ttotal Status Flags
r-devel-linux-x86_64-debian-clang 2.3.0 17.09 125.77 142.86 NOTE
r-devel-linux-x86_64-debian-gcc 2.3.0 10.52 87.53 98.05 NOTE
r-devel-linux-x86_64-fedora-clang 2.3.0 208.23 OK
r-devel-linux-x86_64-fedora-gcc 2.3.0 195.11 OK
r-devel-windows-x86_64 2.3.0 20.00 135.00 155.00 OK
r-patched-linux-x86_64 2.3.0 16.86 116.93 133.79 OK
r-release-linux-x86_64 2.3.0 15.48 114.61 130.09 OK
r-release-macos-arm64 2.3.0 58.00 OK
r-release-macos-x86_64 2.3.0 106.00 OK
r-release-windows-x86_64 2.3.0 20.00 132.00 152.00 OK
r-oldrel-macos-arm64 2.3.0 61.00 OK
r-oldrel-macos-x86_64 2.3.0 82.00 OK
r-oldrel-windows-x86_64 2.3.0 24.00 169.00 193.00 OK

Check Details

Version: 2.3.0
Check: CRAN incoming feasibility
Result: NOTE Maintainer: ‘Barry Edwards <barry.edwards@ucf.edu>’ No Authors@R field in DESCRIPTION. Please add one, modifying Authors@R: c(person(given = "Barry", family = "Edwards", role = c("aut", "cre"), email = "barry.edwards@ucf.edu"), person(given = "Philip", family = "Pollock", role = "aut")) as necessary. Flavors: r-devel-linux-x86_64-debian-clang, r-devel-linux-x86_64-debian-gcc