Last updated on 2024-07-13 11:49:23 CEST.
Flavor | Version | Tinstall | Tcheck | Ttotal | Status | Flags |
---|---|---|---|---|---|---|
r-devel-linux-x86_64-debian-clang | 0.4-1 | 75.64 | 97.21 | 172.85 | OK | |
r-devel-linux-x86_64-debian-gcc | 0.4-1 | 49.67 | 71.04 | 120.71 | OK | |
r-devel-linux-x86_64-fedora-clang | 0.4-1 | 228.54 | OK | |||
r-devel-linux-x86_64-fedora-gcc | 0.4-1 | 234.32 | OK | |||
r-devel-windows-x86_64 | 0.4-1 | 58.00 | 105.00 | 163.00 | NOTE | |
r-patched-linux-x86_64 | 0.4-1 | 64.60 | 90.68 | 155.28 | OK | |
r-release-linux-x86_64 | 0.4-1 | 58.10 | 92.66 | 150.76 | OK | |
r-release-macos-arm64 | 0.4-1 | 50.00 | OK | |||
r-release-macos-x86_64 | 0.4-1 | 67.00 | OK | |||
r-release-windows-x86_64 | 0.4-1 | 59.00 | 107.00 | 166.00 | OK | |
r-oldrel-macos-arm64 | 0.4-1 | 59.00 | OK | |||
r-oldrel-macos-x86_64 | 0.4-1 | 97.00 | OK | |||
r-oldrel-windows-x86_64 | 0.4-1 | 74.00 | 125.00 | 199.00 | OK |
Version: 0.4-1
Check: Rd cross-references
Result: NOTE
Found the following Rd file(s) with Rd \link{} targets missing package
anchors:
bootPolywog.Rd: foreach, dgCMatrix-class
cv.polywog.Rd: cv.ncvreg
polywog.Rd: glmnet, ncvreg, foreach, Formula, dgCMatrix-class,
cv.glmnet, cv.ncvreg
Please provide package anchors for all Rd \link{} targets not in the
package itself and the base packages.
Flavor: r-devel-windows-x86_64