Last updated on 2025-11-16 18:49:39 CET.
| Flavor | Version | Tinstall | Tcheck | Ttotal | Status | Flags |
|---|---|---|---|---|---|---|
| r-devel-linux-x86_64-debian-clang | 6.3 | 28.64 | 103.19 | 131.83 | OK | |
| r-devel-linux-x86_64-debian-gcc | 6.3 | 21.36 | 78.42 | 99.78 | NOTE | |
| r-devel-linux-x86_64-fedora-clang | 6.3 | 60.00 | 137.08 | 197.08 | OK | |
| r-devel-linux-x86_64-fedora-gcc | 6.3 | 63.00 | 126.04 | 189.04 | OK | |
| r-devel-windows-x86_64 | 6.3 | 64.00 | 136.00 | 200.00 | OK | |
| r-patched-linux-x86_64 | 6.3 | 33.77 | 100.46 | 134.23 | OK | |
| r-release-linux-x86_64 | 6.3 | 27.99 | 99.56 | 127.55 | OK | |
| r-release-macos-arm64 | 6.3 | 14.00 | 64.00 | 78.00 | OK | |
| r-release-macos-x86_64 | 6.3 | 30.00 | 105.00 | 135.00 | OK | |
| r-release-windows-x86_64 | 6.3 | 44.00 | 147.00 | 191.00 | OK | |
| r-oldrel-macos-arm64 | 6.3 | 15.00 | 54.00 | 69.00 | OK | |
| r-oldrel-macos-x86_64 | 6.3 | 28.00 | 96.00 | 124.00 | OK | |
| r-oldrel-windows-x86_64 | 6.3 | 60.00 | 162.00 | 222.00 | OK |
Version: 6.3
Check: CRAN incoming feasibility
Result: NOTE
Maintainer: ‘Aaron A. King <kingaa@umich.edu>’
The BugReports field in DESCRIPTION has
https://github.com/kingaa/pomp/issues/
which should likely be
https://github.com/kingaa/pomp/issues/issues
instead.
Flavor: r-devel-linux-x86_64-debian-gcc