CRAN Package Check Results for Package populR

Last updated on 2025-11-16 06:49:49 CET.

Flavor Version Tinstall Tcheck Ttotal Status Flags
r-devel-linux-x86_64-debian-clang 0.2.1 7.52 126.50 134.02 NOTE
r-devel-linux-x86_64-debian-gcc 0.2.1 4.96 90.53 95.49 NOTE
r-devel-linux-x86_64-fedora-clang 0.2.1 17.00 189.48 206.48 OK
r-devel-linux-x86_64-fedora-gcc 0.2.1 16.00 205.48 221.48 OK
r-devel-windows-x86_64 0.2.1 11.00 131.00 142.00 OK
r-patched-linux-x86_64 0.2.1 7.09 119.80 126.89 OK
r-release-linux-x86_64 0.2.1 6.37 118.72 125.09 OK
r-release-macos-arm64 0.2.1 3.00 68.00 71.00 OK
r-release-macos-x86_64 0.2.1 6.00 124.00 130.00 OK
r-release-windows-x86_64 0.2.1 9.00 131.00 140.00 OK
r-oldrel-macos-arm64 0.2.1 3.00 57.00 60.00 OK
r-oldrel-macos-x86_64 0.2.1 5.00 90.00 95.00 OK
r-oldrel-windows-x86_64 0.2.1 11.00 174.00 185.00 OK

Check Details

Version: 0.2.1
Check: CRAN incoming feasibility
Result: NOTE Maintainer: ‘Marios Batsaris <m.batsaris@aegean.gr>’ No Authors@R field in DESCRIPTION. Please add one, modifying Authors@R: person(given = "Marios", family = "Batsaris", role = c("aut", "cre"), email = "m.batsaris@aegean.gr") as necessary. Flavor: r-devel-linux-x86_64-debian-clang

Version: 0.2.1
Check: CRAN incoming feasibility
Result: NOTE Maintainer: ‘Marios Batsaris <m.batsaris@aegean.gr>’ No Authors@R field in DESCRIPTION. Please add one, modifying Authors@R: person(given = "Marios", family = "Batsaris", role = c("aut", "cre"), email = "m.batsaris@aegean.gr") as necessary. The BugReports field in DESCRIPTION has https://github.com/mbatsaris/populR/issues/ which should likely be https://github.com/mbatsaris/populR/issues/issues instead. Flavor: r-devel-linux-x86_64-debian-gcc