CRAN Package Check Results for Package powerpkg

Last updated on 2025-04-29 13:51:35 CEST.

Flavor Version Tinstall Tcheck Ttotal Status Flags
r-devel-linux-x86_64-debian-clang 1.6 2.26 20.92 23.18 NOTE
r-devel-linux-x86_64-debian-gcc 1.6 1.79 16.98 18.77 NOTE
r-devel-linux-x86_64-fedora-clang 1.6 36.61 OK
r-devel-linux-x86_64-fedora-gcc 1.6 35.31 OK
r-devel-windows-x86_64 1.6 2.00 44.00 46.00 OK
r-patched-linux-x86_64 1.6 2.27 20.07 22.34 OK
r-release-linux-x86_64 1.6 2.24 20.24 22.48 OK
r-release-macos-arm64 1.6 21.00 OK
r-release-macos-x86_64 1.6 29.00 OK
r-release-windows-x86_64 1.6 3.00 48.00 51.00 OK
r-oldrel-macos-arm64 1.6 16.00 OK
r-oldrel-macos-x86_64 1.6 26.00 OK
r-oldrel-windows-x86_64 1.6 3.00 43.00 46.00 OK

Check Details

Version: 1.6
Check: CRAN incoming feasibility
Result: NOTE Maintainer: ‘Daniel E. Weeks <weeks@pitt.edu>’ No Authors@R field in DESCRIPTION. Please add one, modifying Authors@R: person(given = c("Daniel", "E."), family = "Weeks", role = c("aut", "cre"), email = "weeks@pitt.edu") as necessary. Flavors: r-devel-linux-x86_64-debian-clang, r-devel-linux-x86_64-debian-gcc