Last updated on 2025-11-16 00:48:41 CET.
| Flavor | Version | Tinstall | Tcheck | Ttotal | Status | Flags |
|---|---|---|---|---|---|---|
| r-devel-linux-x86_64-debian-clang | 0.1.9 | 3.31 | 27.88 | 31.19 | OK | |
| r-devel-linux-x86_64-debian-gcc | 0.1.9 | 2.45 | 22.20 | 24.65 | NOTE | |
| r-devel-linux-x86_64-fedora-clang | 0.1.9 | 44.44 | OK | |||
| r-devel-linux-x86_64-fedora-gcc | 0.1.9 | 42.68 | OK | |||
| r-devel-windows-x86_64 | 0.1.9 | 9.00 | 47.00 | 56.00 | OK | |
| r-patched-linux-x86_64 | 0.1.9 | 2.51 | 25.72 | 28.23 | OK | |
| r-release-linux-x86_64 | 0.1.9 | 3.28 | 25.41 | 28.69 | OK | |
| r-release-macos-arm64 | 0.1.9 | 2.00 | 18.00 | 20.00 | OK | |
| r-release-macos-x86_64 | 0.1.9 | 2.00 | 27.00 | 29.00 | OK | |
| r-release-windows-x86_64 | 0.1.9 | 6.00 | 54.00 | 60.00 | OK | |
| r-oldrel-macos-arm64 | 0.1.9 | 2.00 | 19.00 | 21.00 | OK | |
| r-oldrel-macos-x86_64 | 0.1.9 | 4.00 | 33.00 | 37.00 | OK | |
| r-oldrel-windows-x86_64 | 0.1.9 | 6.00 | 53.00 | 59.00 | OK |
Version: 0.1.9
Check: CRAN incoming feasibility
Result: NOTE
Maintainer: ‘Paul E. Santos Andrade <paulefrens@gmail.com>’
The BugReports field in DESCRIPTION has
https://github.com/PaulESantos/ppendemic/issues/
which should likely be
https://github.com/PaulESantos/ppendemic/issues/issues
instead.
Flavor: r-devel-linux-x86_64-debian-gcc